000
CDUS43 KFSD 250636
CLIFSD


CLIMATE REPORT
NATIONAL WEATHER SERVICE SIOUX FALLS SD
134 AM CDT SAT APR 25 2015


...................................

...THE SIOUX FALLS SD CLIMATE SUMMARY FOR APRIL 24 2015...

CLIMATE NORMAL PERIOD 1981 TO 2010
CLIMATE RECORD PERIOD 1893 TO 2015


WEATHER ITEM   OBSERVED TIME   RECORD YEAR NORMAL DEPARTURE LAST
                VALUE   (LST)  VALUE       VALUE  FROM      YEAR
                                                  NORMAL
..................................................................
TEMPERATURE (F)
 YESTERDAY
  MAXIMUM         74    522 PM  89    1906  63     11       65
  MINIMUM         49   1159 PM  20    1967  38     11       40
  AVERAGE         62                        50     12       53

PRECIPITATION (IN)
  YESTERDAY        0.16          2.64 1953   0.11   0.05     0.27
  MONTH TO DATE    0.81                      2.38  -1.57     0.72
  SINCE MAR 1      1.14                      4.14  -3.00     1.43
  SINCE JAN 1      2.36                      5.30  -2.94     2.42

SNOWFALL (IN)
  YESTERDAY        0.0           4.0  1937   0.2   -0.2      0.0
  MONTH TO DATE    T                         4.2   -4.2      3.4
  SINCE MAR 1      1.7                      12.6  -10.9     11.1
  SINCE JUL 1     31.9                      44.1  -12.2     45.3
  SNOW DEPTH       0

DEGREE DAYS
 HEATING
  YESTERDAY        3                        15    -12       12
  MONTH TO DATE  355                       479   -124      471
  SINCE MAR 1   1175                      1474   -299     1572
  SINCE JUL 1   6924                      7324   -400     7919

 COOLING
  YESTERDAY        0                         0      0        0
  MONTH TO DATE    4                         0      4        0
  SINCE MAR 1      4                         0      4        0
  SINCE JAN 1      4                         0      4        0
..................................................................


WIND (MPH)
  HIGHEST WIND SPEED    29   HIGHEST WIND DIRECTION     E (110)
  HIGHEST GUST SPEED    34   HIGHEST GUST DIRECTION    SE (130)
  AVERAGE WIND SPEED    15.5


SKY COVER
  POSSIBLE SUNSHINE  MM
  AVERAGE SKY COVER 0.9


WEATHER CONDITIONS
 THE FOLLOWING WEATHER WAS RECORDED YESTERDAY.
  THUNDERSTORM
  HEAVY RAIN
  LIGHT RAIN
  FOG


RELATIVE HUMIDITY (PERCENT)
 HIGHEST    83           900 PM
 LOWEST     35          1200 AM
 AVERAGE    59

..........................................................


THE SIOUX FALLS SD CLIMATE NORMALS FOR TODAY
                         NORMAL    RECORD    YEAR
 MAXIMUM TEMPERATURE (F)   63        94      1962
 MINIMUM TEMPERATURE (F)   38        22      1918


SUNRISE AND SUNSET
APRIL 25 2015.........SUNRISE   629 AM CDT   SUNSET   822 PM CDT
APRIL 26 2015.........SUNRISE   627 AM CDT   SUNSET   823 PM CDT


-  INDICATES NEGATIVE NUMBERS.
R  INDICATES RECORD WAS SET OR TIED.
MM INDICATES DATA IS MISSING.
T  INDICATES TRACE AMOUNT.




$$
