000
CDUS43 KIWX 192020
CLIFWA


CLIMATE REPORT
NATIONAL WEATHER SERVICE NORTHERN INDIANA
420 PM EDT SUN APR 19 2015


...................................

...THE FORT WAYNE CLIMATE SUMMARY FOR APRIL 19 2015...
VALID TODAY AS OF 0400 PM LOCAL TIME.

CLIMATE NORMAL PERIOD 1981 TO 2010
CLIMATE RECORD PERIOD 1897 TO 2015


WEATHER ITEM   OBSERVED TIME   RECORD YEAR NORMAL DEPARTURE LAST
                VALUE   (LST)  VALUE       VALUE  FROM      YEAR
                                                  NORMAL
..................................................................
TEMPERATURE (F)
 TODAY
  MAXIMUM         64   1244 PM  86    1985  63      1       61
  MINIMUM         48    554 AM  21    1983  40      8       38
  AVERAGE         56                        51      5       50

PRECIPITATION (IN)
  TODAY            0.21          1.54 1970   0.13   0.08     0.00
  MONTH TO DATE    1.72                      2.29  -0.57     3.05
  SINCE MAR 1      3.79                      5.00  -1.21     4.95
  SINCE JAN 1      7.56                      9.30  -1.74    11.19

SNOWFALL (IN)
  TODAY           MM             0.3  1969   0.0   MM        0.0
  MONTH TO DATE    0.0                       0.9   -0.9      1.1
  SINCE MAR 1      8.6                       5.0    3.6     14.3
  SINCE JUL 1     45.1                      33.4   11.7     76.1

DEGREE DAYS
 HEATING
  TODAY            9                        14     -5       15
  MONTH TO DATE  223                       327   -104      321
  SINCE MAR 1   1184                      1153     31     1388
  SINCE JUL 1   6333                      5751    582     6641

 COOLING
  TODAY            0                         0      0        0
  MONTH TO DATE    0                         0      0        1
  SINCE MAR 1      0                         0      0        1
  SINCE JAN 1      0                         0      0        1
..................................................................


WIND (MPH)
  HIGHEST WIND SPEED    23   HIGHEST WIND DIRECTION     E (80)
  HIGHEST GUST SPEED    27   HIGHEST GUST DIRECTION     E (70)
  AVERAGE WIND SPEED    16.8


SKY COVER
  POSSIBLE SUNSHINE  MM
  AVERAGE SKY COVER 0.8


WEATHER CONDITIONS
 THE FOLLOWING WEATHER WAS RECORDED TODAY.
  RAIN
  LIGHT RAIN


RELATIVE HUMIDITY (PERCENT)
 HIGHEST    83           300 PM
 LOWEST     42          1000 AM
 AVERAGE    63

..........................................................


THE FORT WAYNE CLIMATE NORMALS FOR TOMORROW
                         NORMAL    RECORD    YEAR
 MAXIMUM TEMPERATURE (F)   63        84      1985
 MINIMUM TEMPERATURE (F)   40        20      1904


SUNRISE AND SUNSET
APRIL 19 2015.........SUNRISE   656 AM EDT   SUNSET   825 PM EDT
APRIL 20 2015.........SUNRISE   655 AM EDT   SUNSET   826 PM EDT


-  INDICATES NEGATIVE NUMBERS.
R  INDICATES RECORD WAS SET OR TIED.
MM INDICATES DATA IS MISSING.
T  INDICATES TRACE AMOUNT.




$$
