000
CDUS43 KDDC 172328
CLIGCK


CLIMATE REPORT
NATIONAL WEATHER SERVICE DODGE CITY KS
627 PM CDT FRI APR 17 2015


...................................

...THE GARDEN CITY REGIONAL ARPT KS CLIMATE SUMMARY FOR APRIL 17 2015...
VALID TODAY AS OF 0500 PM LOCAL TIME.

CLIMATE NORMAL PERIOD 1981 TO 2010
CLIMATE RECORD PERIOD 1948 TO 2015


WEATHER ITEM   OBSERVED TIME   RECORD YEAR NORMAL DEPARTURE LAST
                VALUE   (LST)  VALUE       VALUE  FROM      YEAR
                                                  NORMAL
..................................................................
TEMPERATURE (F)
 TODAY
  MAXIMUM         71    259 PM  92    2006  68      3       51
  MINIMUM         48    628 AM  24    1999  39      9       33
  AVERAGE         60                        53      7       42

PRECIPITATION (IN)
  TODAY            T             1.17 2009   0.06  -0.06     0.20
  MONTH TO DATE    0.19                      0.89  -0.70     0.44
  SINCE MAR 1      0.51                      2.35  -1.84     0.48
  SINCE JAN 1      1.28                      3.23  -1.95     0.64

DEGREE DAYS
 HEATING
  TODAY            5                        12     -7       23
  MONTH TO DATE  164                       247    -83      272
  SINCE MAR 1    727                       911   -184     1013
  SINCE JUL 1   4635                      4935   -300     5189

 COOLING
  TODAY            0                         0      0        0
  MONTH TO DATE    7                         0      7        4
  SINCE MAR 1      7                         0      7        4
  SINCE JAN 1      7                         0      7        4
..................................................................


WIND (MPH)
  HIGHEST WIND SPEED    35   HIGHEST WIND DIRECTION     E (90)
  HIGHEST GUST SPEED    43   HIGHEST GUST DIRECTION     E (100)
  AVERAGE WIND SPEED    11.9



WEATHER CONDITIONS
 THE FOLLOWING WEATHER WAS RECORDED TODAY.
  THUNDERSTORM
  LIGHT RAIN
  FOG


RELATIVE HUMIDITY (PERCENT)
 HIGHEST   100           600 AM
 LOWEST     49           300 PM
 AVERAGE    75

..........................................................


THE GARDEN CITY REGIONAL ARPT KS CLIMATE NORMALS FOR TOMORROW
                         NORMAL    RECORD    YEAR
 MAXIMUM TEMPERATURE (F)   68        91      1994
                                             2000
 MINIMUM TEMPERATURE (F)   39        21      1953


SUNRISE AND SUNSET
APRIL 17 2015.........SUNRISE   705 AM CDT   SUNSET   820 PM CDT
APRIL 18 2015.........SUNRISE   704 AM CDT   SUNSET   821 PM CDT


-  INDICATES NEGATIVE NUMBERS.
R  INDICATES RECORD WAS SET OR TIED.
MM INDICATES DATA IS MISSING.
T  INDICATES TRACE AMOUNT.




$$
