000
CDUS41 KPHI 272131
CLIGED


CLIMATE REPORT
NATIONAL WEATHER SERVICE MOUNT HOLLY NJ
530 PM EDT MON APR 27 2015


...................................

...THE GEORGETOWN DE CLIMATE SUMMARY FOR APRIL 27 2015...
VALID TODAY AS OF 0500 PM LOCAL TIME.

CLIMATE NORMAL PERIOD 1981 TO 2010
CLIMATE RECORD PERIOD 1948 TO 2015


WEATHER ITEM   OBSERVED TIME   RECORD YEAR NORMAL DEPARTURE LAST
                VALUE   (LST)  VALUE       VALUE  FROM      YEAR
                                                  NORMAL
..................................................................
TEMPERATURE (F)
 TODAY
  MAXIMUM         61    233 PM  91    2009  68     -7       66
                                      1957
  MINIMUM         37    452 AM  30    1964  47    -10       43
  AVERAGE         49                        57     -8       55

PRECIPITATION (IN)
  TODAY            0.00          1.40 1952   0.09  -0.09     0.00
  MONTH TO DATE    2.95                      3.34  -0.39     2.34
  SINCE MAR 1      6.72                      7.39  -0.67     5.70
  SINCE JAN 1     13.55                     13.10   0.45    12.88

SNOWFALL (IN)
  TODAY           MM            MM      MM  MM     MM       MM
  MONTH TO DATE   MM                        MM     MM       MM
  SINCE MAR 1     MM                        MM     MM       MM
  SINCE JUL 1     MM                        MM     MM       MM
  SNOW DEPTH      MM

DEGREE DAYS
 HEATING
  TODAY           16                         8      8       10
  MONTH TO DATE  295                       324    -29      303
  SINCE MAR 1   1048                       956     92     1043
  SINCE JUL 1   4536                      4236    300     4398

 COOLING
  TODAY            0                         1     -1        0
  MONTH TO DATE    5                        17    -12       12
  SINCE MAR 1      5                        19    -14       12
  SINCE JAN 1      5                        19    -14       12
..................................................................


WIND (MPH)
  HIGHEST WIND SPEED    15   HIGHEST WIND DIRECTION     W (270)
  HIGHEST GUST SPEED    24   HIGHEST GUST DIRECTION    SW (240)
  AVERAGE WIND SPEED     4.9


SKY COVER
  POSSIBLE SUNSHINE  MM
  AVERAGE SKY COVER 0.7


WEATHER CONDITIONS
 THE FOLLOWING WEATHER WAS RECORDED TODAY.
  NO SIGNIFICANT WEATHER WAS OBSERVED.


RELATIVE HUMIDITY (PERCENT)
 HIGHEST    92           400 AM
 LOWEST     36          1200 PM
 AVERAGE    64

..........................................................


THE GEORGETOWN DE CLIMATE NORMALS FOR TOMORROW
                         NORMAL    RECORD    YEAR
 MAXIMUM TEMPERATURE (F)   68        93      1957
 MINIMUM TEMPERATURE (F)   47        29      1972


SUNRISE AND SUNSET
APRIL 27 2015.........SUNRISE   609 AM EDT   SUNSET   750 PM EDT
APRIL 28 2015.........SUNRISE   608 AM EDT   SUNSET   750 PM EDT


-  INDICATES NEGATIVE NUMBERS.
R  INDICATES RECORD WAS SET OR TIED.
MM INDICATES DATA IS MISSING.
T  INDICATES TRACE AMOUNT.




$$
