000
CDUS41 KALY 020624
CLIGFL


CLIMATE REPORT
NATIONAL WEATHER SERVICE ALBANY NY
223 AM EDT THU APR 2 2015


...................................

...THE GLENS FALLS NY CLIMATE SUMMARY FOR APRIL 1 2015...

CLIMATE NORMAL PERIOD 1981 TO 2010
CLIMATE RECORD PERIOD 1949 TO 2015


WEATHER ITEM   OBSERVED TIME   RECORD YEAR NORMAL DEPARTURE LAST
                VALUE   (LST)  VALUE       VALUE  FROM      YEAR
                                                  NORMAL
..................................................................
TEMPERATURE (F)
 YESTERDAY
  MAXIMUM         44    448 PM  77    1986  50     -6       47
  MINIMUM         19    605 AM  13    1965  27     -8       26
  AVERAGE         32                        38     -6       37

PRECIPITATION (IN)
  YESTERDAY        0.00          1.76 1976   0.09  -0.09     0.00
  MONTH TO DATE    0.00                      0.09  -0.09     0.00
  SINCE MAR 1      0.68                      3.03  -2.35     2.72
  SINCE JAN 1      2.73                      7.97  -5.24     7.25

DEGREE DAYS
 HEATING
  YESTERDAY       33                        27      6       28
  MONTH TO DATE   33                        27      6       28
  SINCE MAR 1   1215                      1070    145     1338
  SINCE JUL 1   6896                      6690    206     7107

 COOLING
  YESTERDAY        0                         0      0        0
  MONTH TO DATE    0                         0      0        0
  SINCE MAR 1      0                         0      0        0
  SINCE JAN 1      0                         0      0        0
..................................................................


WIND (MPH)
  HIGHEST WIND SPEED    13   HIGHEST WIND DIRECTION    SE (120)
  HIGHEST GUST SPEED    17   HIGHEST GUST DIRECTION    SE (130)
  AVERAGE WIND SPEED     3.7


SKY COVER
  AVERAGE SKY COVER 0.0



RELATIVE HUMIDITY (PERCENT)
 HIGHEST    81          1100 PM
 LOWEST     25           400 PM
 AVERAGE    53

..........................................................


THE GLENS FALLS NY CLIMATE NORMALS FOR TODAY
                         NORMAL    RECORD    YEAR
 MAXIMUM TEMPERATURE (F)   50        78      2010
 MINIMUM TEMPERATURE (F)   28        18      1956


SUNRISE AND SUNSET
APRIL  2 2015.........SUNRISE   635 AM EDT   SUNSET   722 PM EDT
APRIL  3 2015.........SUNRISE   633 AM EDT   SUNSET   723 PM EDT


-  INDICATES NEGATIVE NUMBERS.
R  INDICATES RECORD WAS SET OR TIED.
MM INDICATES DATA IS MISSING.
T  INDICATES TRACE AMOUNT.




$$
