000
CDUS44 KJAN 280747
CLIGLH


CLIMATE REPORT
NATIONAL WEATHER SERVICE JACKSON MS
242 AM CDT TUE APR 28 2015


...................................

...THE GREENVILLE CLIMATE SUMMARY FOR APRIL 27 2015...

CLIMATE NORMAL PERIOD 1981 TO 2010
CLIMATE RECORD PERIOD 1920 TO 2015


WEATHER ITEM   OBSERVED TIME   RECORD YEAR NORMAL DEPARTURE LAST
                VALUE   (LST)  VALUE       VALUE  FROM      YEAR
                                                  NORMAL
..................................................................
TEMPERATURE (F)
 YESTERDAY
  MAXIMUM         71    504 PM  96    1987  78     -7       85
  MINIMUM         56    501 AM  43    1992  56      0       69
                                      1953
  AVERAGE         64                        67     -3       77

PRECIPITATION (IN)
  YESTERDAY        0.00          2.26 1949   0.14  -0.14     0.16
  MONTH TO DATE    3.95                      4.38  -0.43     8.55
  SINCE MAR 1      8.56                      8.93  -0.37    14.06
  SINCE JAN 1     15.01                     18.92  -3.91    18.36

SNOWFALL (IN)
  YESTERDAY        0.0

DEGREE DAYS
 HEATING
  YESTERDAY        1                         2     -1        0
  MONTH TO DATE   46                       113    -67      123
  SINCE MAR 1    367                       449    -82      557
  SINCE JUL 1   2854                      2758     96     3164

 COOLING
  YESTERDAY        0                         3     -3       12
  MONTH TO DATE   91                        51     40       63
  SINCE MAR 1     98                        68     30       68
  SINCE JAN 1     98                        73     25       68
..................................................................


WIND (MPH)
  HIGHEST WIND SPEED    22   HIGHEST WIND DIRECTION    NE (40)
  HIGHEST GUST SPEED    28   HIGHEST GUST DIRECTION    NE (50)
  AVERAGE WIND SPEED    13.4


SKY COVER
  POSSIBLE SUNSHINE  MM
  AVERAGE SKY COVER 0.0


WEATHER CONDITIONS
 THE FOLLOWING WEATHER WAS RECORDED YESTERDAY.
  NO SIGNIFICANT WEATHER WAS OBSERVED.


RELATIVE HUMIDITY (PERCENT)
 HIGHEST    86           100 AM
 LOWEST     35           500 PM
 AVERAGE    61

..........................................................


THE GREENVILLE CLIMATE NORMALS FOR TODAY
                         NORMAL    RECORD    YEAR
 MAXIMUM TEMPERATURE (F)   78        97      1987
 MINIMUM TEMPERATURE (F)   57        40      1920


SUNRISE AND SUNSET
APRIL 28 2015.........SUNRISE   619 AM CDT   SUNSET   744 PM CDT
APRIL 29 2015.........SUNRISE   618 AM CDT   SUNSET   745 PM CDT


-  INDICATES NEGATIVE NUMBERS.
R  INDICATES RECORD WAS SET OR TIED.
MM INDICATES DATA IS MISSING.
T  INDICATES TRACE AMOUNT.




$$
