000
CDUS43 KGID 062306
CLIGRI


CLIMATE REPORT
NATIONAL WEATHER SERVICE HASTINGS NE
604 PM CDT WED MAY 6 2015


...................................

...THE GRAND ISLAND NE CLIMATE SUMMARY FOR MAY 6 2015...
VALID TODAY AS OF 0500 PM LOCAL TIME.

CLIMATE NORMAL PERIOD 1981 TO 2010
CLIMATE RECORD PERIOD 1895 TO 2015


WEATHER ITEM   OBSERVED TIME   RECORD YEAR NORMAL DEPARTURE LAST
                VALUE   (LST)  VALUE       VALUE  FROM      YEAR
                                                  NORMAL
..................................................................
TEMPERATURE (F)
 TODAY
  MAXIMUM         67    210 PM  95    1934  70     -3       83
                                      1909
  MINIMUM         60    750 AM  28    1989  46     14       45
                                      1944
  AVERAGE         64                        58      6       64

PRECIPITATION (IN)
  TODAY            0.32          1.09 1971   0.13   0.19     0.00
  MONTH TO DATE    2.02                      0.74   1.28     0.00
  SINCE MAR 1      4.32                      5.07  -0.75     3.10
  SINCE JAN 1      5.49                      6.28  -0.79     3.75

SNOWFALL (IN)
  TODAY            0.0           T    1960   0.0    0.0      0.0
  MONTH TO DATE    0.0                       0.1   -0.1      0.0
  SINCE MAR 1      1.4                       7.0   -5.6      2.9
  SINCE JUL 1     24.3                      29.1   -4.8     16.4
  SNOW DEPTH       0

DEGREE DAYS
 HEATING
  TODAY            1                         8     -7        1
  MONTH TO DATE   10                        53    -43       43
  SINCE MAR 1   1036                      1294   -258     1293
  SINCE JUL 1   5773                      6055   -282     6128

 COOLING
  TODAY            0                         1     -1        0
  MONTH TO DATE   14                         6      8        0
  SINCE MAR 1     18                        17      1        4
  SINCE JAN 1     18                        17      1        4
..................................................................


WIND (MPH)
  HIGHEST WIND SPEED    25   HIGHEST WIND DIRECTION     S (170)
  HIGHEST GUST SPEED    31   HIGHEST GUST DIRECTION     S (170)
  AVERAGE WIND SPEED    14.2


SKY COVER
  POSSIBLE SUNSHINE  MM
  AVERAGE SKY COVER 0.9


WEATHER CONDITIONS
 THE FOLLOWING WEATHER WAS RECORDED TODAY.
  THUNDERSTORM
  RAIN
  LIGHT RAIN
  FOG
  HAZE


RELATIVE HUMIDITY (PERCENT)
 HIGHEST    97          1000 AM
 LOWEST     84          1200 AM
 AVERAGE    91

..........................................................


THE GRAND ISLAND NE CLIMATE NORMALS FOR TOMORROW
                         NORMAL    RECORD    YEAR
 MAXIMUM TEMPERATURE (F)   70        97      1934
                                             1916
 MINIMUM TEMPERATURE (F)   46        29      1947


SUNRISE AND SUNSET
MAY  6 2015...........SUNRISE   625 AM CDT   SUNSET   835 PM CDT
MAY  7 2015...........SUNRISE   624 AM CDT   SUNSET   836 PM CDT


-  INDICATES NEGATIVE NUMBERS.
R  INDICATES RECORD WAS SET OR TIED.
MM INDICATES DATA IS MISSING.
T  INDICATES TRACE AMOUNT.




$$
