000
CDUS42 KRAH 050529
CLIGSO


CLIMATE REPORT
NATIONAL WEATHER SERVICE RALEIGH NC
128 AM EDT TUE MAY 5 2015


...................................

...THE PIEDMONT TRIAD INTL AIRPORT NC CLIMATE SUMMARY FOR MAY 4 2015...

CLIMATE NORMAL PERIOD 1981 TO 2010
CLIMATE RECORD PERIOD 1903 TO 2015


WEATHER ITEM   OBSERVED TIME   RECORD YEAR NORMAL DEPARTURE LAST
                VALUE   (LST)  VALUE       VALUE  FROM      YEAR
                                                  NORMAL
..................................................................
TEMPERATURE (F)
 YESTERDAY
  MAXIMUM         81    232 PM  94    1928  75      6       86
  MINIMUM         56    608 AM  33    1986  52      4       51
  AVERAGE         69                        64      5       69

PRECIPITATION (IN)
  YESTERDAY        0.00          3.11 1978   0.10  -0.10     0.00
  MONTH TO DATE    1.16                      0.41   0.75     0.00
  SINCE MAR 1      6.38                      7.71  -1.33     8.66
  SINCE JAN 1     11.06                     13.73  -2.67    14.88

DEGREE DAYS
 HEATING
  YESTERDAY        0                         4     -4        0
  MONTH TO DATE   16                        16      0        8
  SINCE MAR 1    606                       707   -101      818
  SINCE JUL 1   3691                      3562    129     3795

 COOLING
  YESTERDAY        4                         2      2        4
  MONTH TO DATE    4                         8     -4        7
  SINCE MAR 1     41                        46     -5       27
  SINCE JAN 1     41                        46     -5       27
..................................................................


WIND (MPH)
  HIGHEST WIND SPEED    17   HIGHEST WIND DIRECTION     S (180)
  HIGHEST GUST SPEED    22   HIGHEST GUST DIRECTION     S (190)
  AVERAGE WIND SPEED     7.9


SKY COVER
  POSSIBLE SUNSHINE  MM
  AVERAGE SKY COVER 0.3


WEATHER CONDITIONS
 THE FOLLOWING WEATHER WAS RECORDED YESTERDAY.
  NO SIGNIFICANT WEATHER WAS OBSERVED.


RELATIVE HUMIDITY (PERCENT)
 HIGHEST    86           600 AM
 LOWEST     35           200 PM
 AVERAGE    61

..........................................................


THE PIEDMONT TRIAD INTL AIRPORT NC CLIMATE NORMALS FOR TODAY
                         NORMAL    RECORD    YEAR
 MAXIMUM TEMPERATURE (F)   75        91      1928
 MINIMUM TEMPERATURE (F)   53        34      1940


SUNRISE AND SUNSET
MAY  5 2015...........SUNRISE   623 AM EDT   SUNSET   810 PM EDT
MAY  6 2015...........SUNRISE   622 AM EDT   SUNSET   811 PM EDT


-  INDICATES NEGATIVE NUMBERS.
R  INDICATES RECORD WAS SET OR TIED.
MM INDICATES DATA IS MISSING.
T  INDICATES TRACE AMOUNT.




$$
