000
CDUS45 KTFX 260801
CLIGTF


CLIMATE REPORT
NATIONAL WEATHER SERVICE GREAT FALLS MT
200 AM MDT SUN APR 26 2015


...................................

...THE GREAT FALLS MT CLIMATE SUMMARY FOR APRIL 25 2015...

CLIMATE NORMAL PERIOD 1981 TO 2010
CLIMATE RECORD PERIOD 1886 TO 2015


WEATHER ITEM   OBSERVED TIME   RECORD YEAR NORMAL DEPARTURE LAST
                VALUE   (LST)  VALUE       VALUE  FROM      YEAR
                                                  NORMAL
..................................................................
TEMPERATURE (F)
 YESTERDAY
  MAXIMUM         55    238 PM  85    1910  59     -4       59
  MINIMUM         35   1159 PM  18    1924  33      2       38
  AVERAGE         45                        46     -1       49

PRECIPITATION (IN)
  YESTERDAY        T             0.90 1986   0.06  -0.06     0.19
  MONTH TO DATE    0.89                      1.16  -0.27     1.53
  SINCE OCT 1      5.33                      5.05   0.28     7.31
  SINCE JAN 1      2.38                      3.05  -0.67     5.26

SNOWFALL (IN)
  YESTERDAY        0.0           4.9  1994   0.3   -0.3      0.0
  MONTH TO DATE    0.8                       7.5   -6.7      2.4
  SINCE MAR 1      1.6                      19.4  -17.8     15.2
  SINCE JUL 1     57.9                      59.4   -1.5     72.7
  SNOW DEPTH       0

DEGREE DAYS
 HEATING
  YESTERDAY       20                        19      1       16
  MONTH TO DATE  545                       566    -21      535
  SINCE MAR 1   1201                      1519   -318     1619
  SINCE JUL 1   6339                      7024   -685     7273

 COOLING
  YESTERDAY        0                         0      0        0
  MONTH TO DATE    0                         0      0        0
  SINCE MAR 1      0                         0      0        0
  SINCE JAN 1      0                         0      0        0
..................................................................


WIND (MPH)
  HIGHEST WIND SPEED    20   HIGHEST WIND DIRECTION    NE (50)
  HIGHEST GUST SPEED    23   HIGHEST GUST DIRECTION    NE (40)
  AVERAGE WIND SPEED     9.7


SKY COVER
  AVERAGE SKY COVER 0.7


WEATHER CONDITIONS
 THE FOLLOWING WEATHER WAS RECORDED YESTERDAY.
  LIGHT RAIN


RELATIVE HUMIDITY (PERCENT)
 HIGHEST    92           400 AM
 LOWEST     30           200 PM
 AVERAGE    61

..........................................................


THE GREAT FALLS MT CLIMATE NORMALS FOR TODAY
                         NORMAL    RECORD    YEAR
 MAXIMUM TEMPERATURE (F)   59        88      1910
 MINIMUM TEMPERATURE (F)   33        19      1960


SUNRISE AND SUNSET
APRIL 26 2015.........SUNRISE   617 AM MDT   SUNSET   830 PM MDT
APRIL 27 2015.........SUNRISE   616 AM MDT   SUNSET   832 PM MDT


-  INDICATES NEGATIVE NUMBERS.
R  INDICATES RECORD WAS SET OR TIED.
MM INDICATES DATA IS MISSING.
T  INDICATES TRACE AMOUNT.




$$
