000
CDUS44 KJAN 040750
CLIHBG


CLIMATE REPORT
NATIONAL WEATHER SERVICE JACKSON MS
248 AM CDT MON MAY 4 2015


...................................

...THE HATTIESBURG CLIMATE SUMMARY FOR MAY 3 2015...

CLIMATE NORMAL PERIOD 1981 TO 2010
CLIMATE RECORD PERIOD 1948 TO 2015


WEATHER ITEM   OBSERVED TIME   RECORD YEAR NORMAL DEPARTURE LAST
                VALUE   (LST)  VALUE       VALUE  FROM      YEAR
                                                  NORMAL
..................................................................
TEMPERATURE (F)
 YESTERDAY
  MAXIMUM         83    408 PM  91    2002  83      0       83
  MINIMUM         51    541 AM  44    2004  58     -7       47
  AVERAGE         67                        70     -3       65

PRECIPITATION (IN)
  YESTERDAY        0.00          4.91 1978   0.16  -0.16     0.00
  MONTH TO DATE    0.00                      0.46  -0.46     0.00
  SINCE MAR 1      9.08                     10.89  -1.81    12.61
  SINCE JAN 1     16.91                     22.02  -5.11    22.51

SNOWFALL (IN)
  YESTERDAY        0.0

DEGREE DAYS
 HEATING
  YESTERDAY        0                         1     -1        0
  MONTH TO DATE    1                         3     -2        6
  SINCE MAR 1    131                       303   -172      348
  SINCE JUL 1   1912                      1981    -69     2271

 COOLING
  YESTERDAY        2                         6     -4        0
  MONTH TO DATE    3                        17    -14        0
  SINCE MAR 1    276                       142    134      108
  SINCE JAN 1    282                       157    125      125
..................................................................


WIND (MPH)
  HIGHEST WIND SPEED    15   HIGHEST WIND DIRECTION    SE (150)
  HIGHEST GUST SPEED    19   HIGHEST GUST DIRECTION    SE (130)
  AVERAGE WIND SPEED     4.4


SKY COVER
  POSSIBLE SUNSHINE  MM
  AVERAGE SKY COVER 0.1


WEATHER CONDITIONS
 THE FOLLOWING WEATHER WAS RECORDED YESTERDAY.
  NO SIGNIFICANT WEATHER WAS OBSERVED.


RELATIVE HUMIDITY (PERCENT)
 HIGHEST    93           200 AM
 LOWEST     28           200 PM
 AVERAGE    61

..........................................................


THE HATTIESBURG CLIMATE NORMALS FOR TODAY
                         NORMAL    RECORD    YEAR
 MAXIMUM TEMPERATURE (F)   83        92      2002
 MINIMUM TEMPERATURE (F)   58        38      2013


SUNRISE AND SUNSET
MAY  4 2015...........SUNRISE   610 AM CDT   SUNSET   738 PM CDT
MAY  5 2015...........SUNRISE   609 AM CDT   SUNSET   739 PM CDT


-  INDICATES NEGATIVE NUMBERS.
R  INDICATES RECORD WAS SET OR TIED.
MM INDICATES DATA IS MISSING.
T  INDICATES TRACE AMOUNT.




$$
