000
CDUS41 KLWX 042126
CLIHGR


CLIMATE REPORT
NATIONAL WEATHER SERVICE BALTIMORE MD/WASHINGTON DC
525 PM EDT MON MAY 4 2015


...................................

...THE HAGERSTOWN MD CLIMATE SUMMARY FOR MAY 4 2015...
VALID TODAY AS OF 0500 PM LOCAL TIME.

CLIMATE NORMAL PERIOD 1981 TO 2010
CLIMATE RECORD PERIOD 9999 TO 9999


WEATHER ITEM   OBSERVED TIME   RECORD YEAR NORMAL DEPARTURE LAST
                VALUE   (LST)  VALUE       VALUE  FROM      YEAR
                                                  NORMAL
..................................................................
TEMPERATURE (F)
 TODAY
  MAXIMUM         85    323 PM  MM      MM  69     16       67
  MINIMUM         56    552 AM  MM      MM  48      8       48
  AVERAGE         71                        58     13       58

PRECIPITATION (IN)
  TODAY            0.00         MM      MM   0.12  -0.12     0.00
  MONTH TO DATE    0.04                      0.43  -0.39     0.01
  SINCE MAR 1      5.57                      7.37  -1.80     4.23
  SINCE JAN 1      7.85                     12.60  -4.75     8.01

DEGREE DAYS
 HEATING
  TODAY            0                         7     -7        7
  MONTH TO DATE    9                        31    -22       26
  SINCE MAR 1   1082                      1142    -60     1276
  SINCE JUL 1   5088                      5045     43     5291

 COOLING
  TODAY            6                         1      5        0
  MONTH TO DATE    6                         4      2        0
  SINCE MAR 1      8                        19    -11       10
  SINCE JAN 1      8                        19    -11       10
..................................................................


WIND (MPH)
  HIGHEST WIND SPEED    17   HIGHEST WIND DIRECTION     S (180)
  HIGHEST GUST SPEED    22   HIGHEST GUST DIRECTION     S (170)
  AVERAGE WIND SPEED     6.4


SKY COVER
  POSSIBLE SUNSHINE  MM
  AVERAGE SKY COVER 0.1


WEATHER CONDITIONS
 THE FOLLOWING WEATHER WAS RECORDED TODAY.
  NO SIGNIFICANT WEATHER WAS OBSERVED.


RELATIVE HUMIDITY (PERCENT)
 HIGHEST    61           500 AM
 LOWEST     23           300 PM
 AVERAGE    42

..........................................................


THE HAGERSTOWN MD CLIMATE NORMALS FOR TOMORROW
                         NORMAL    RECORD    YEAR
 MAXIMUM TEMPERATURE (F)   69        MM        MM
 MINIMUM TEMPERATURE (F)   49        MM        MM


SUNRISE AND SUNSET
MAY  4 2015...........SUNRISE   608 AM EDT   SUNSET   808 PM EDT
MAY  5 2015...........SUNRISE   607 AM EDT   SUNSET   809 PM EDT


-  INDICATES NEGATIVE NUMBERS.
R  INDICATES RECORD WAS SET OR TIED.
MM INDICATES DATA IS MISSING.
T  INDICATES TRACE AMOUNT.




$$
