000
CDUS44 KLZK 031311
CLIHRO


CLIMATE REPORT
NATIONAL WEATHER SERVICE LITTLE ROCK AR
811 AM CDT SUN MAY 3 2015


...................................

...THE HARRISON CLIMATE SUMMARY FOR MAY 2 2015...

CLIMATE NORMAL PERIOD 1981 TO 2010
CLIMATE RECORD PERIOD 1891 TO 2015


WEATHER ITEM   OBSERVED TIME   RECORD YEAR NORMAL DEPARTURE LAST
                VALUE   (LST)  VALUE       VALUE  FROM      YEAR
                                                  NORMAL
..................................................................
TEMPERATURE (F)
 YESTERDAY
  MAXIMUM         77    429 PM  91    1943  73      4       68
  MINIMUM         45    431 AM  26    1911  52     -7       38
  AVERAGE         61                        62     -1       53

PRECIPITATION (IN)
  YESTERDAY        0.00          3.13 1990   0.16  -0.16     0.00
  MONTH TO DATE    0.00                      0.33  -0.33     0.00
  SINCE MAR 1      8.70                      8.44   0.26     8.99
  SINCE JAN 1     12.24                     13.64  -1.40    10.94

SNOWFALL (IN)
  YESTERDAY        0.0          MM      MM   0.0    0.0      0.0
  MONTH TO DATE    0.0                       0.0    0.0      0.0
  SINCE MAR 1      4.3                       2.3    2.0     10.0
  SINCE JUL 1     13.6                      11.5    2.1     25.8
  SNOW DEPTH       0

DEGREE DAYS
 HEATING
  YESTERDAY        4                         4      0       12
  MONTH TO DATE   10                         8      2       24
  SINCE MAR 1    713                       757    -44      855
  SINCE JUL 1   4108                      3929    179     4390

 COOLING
  YESTERDAY        0                         2     -2        0
  MONTH TO DATE    0                         4     -4        0
  SINCE MAR 1     25                        41    -16       18
  SINCE JAN 1     25                        41    -16       18
..................................................................


WIND (MPH)
  HIGHEST WIND SPEED    14   HIGHEST WIND DIRECTION    SE (150)
  HIGHEST GUST SPEED    18   HIGHEST GUST DIRECTION    SE (140)
  AVERAGE WIND SPEED     6.6


SKY COVER
  POSSIBLE SUNSHINE  MM
  AVERAGE SKY COVER 0.0


WEATHER CONDITIONS
 THE FOLLOWING WEATHER WAS RECORDED YESTERDAY.
  NO SIGNIFICANT WEATHER WAS OBSERVED.


RELATIVE HUMIDITY (PERCENT)
 HIGHEST    86           300 AM
 LOWEST     33           200 PM
 AVERAGE    60

..........................................................


THE HARRISON CLIMATE NORMALS FOR TODAY
                         NORMAL    RECORD    YEAR
 MAXIMUM TEMPERATURE (F)   73        90      1952
 MINIMUM TEMPERATURE (F)   52        30      1929


SUNRISE AND SUNSET
MAY  3 2015...........SUNRISE   618 AM CDT   SUNSET   802 PM CDT
MAY  4 2015...........SUNRISE   617 AM CDT   SUNSET   803 PM CDT


-  INDICATES NEGATIVE NUMBERS.
R  INDICATES RECORD WAS SET OR TIED.
MM INDICATES DATA IS MISSING.
T  INDICATES TRACE AMOUNT.




$$
