000
CDUS43 KGID 040625
CLIHSI


CLIMATE REPORT
NATIONAL WEATHER SERVICE HASTINGS NE
123 AM CDT MON MAY 4 2015


...................................

...THE HASTINGS NE CLIMATE SUMMARY FOR MAY 3 2015...

CLIMATE NORMAL PERIOD 1981 TO 2010
CLIMATE RECORD PERIOD 1894 TO 2015


WEATHER ITEM   OBSERVED TIME   RECORD YEAR NORMAL DEPARTURE LAST
                VALUE   (LST)  VALUE       VALUE  FROM      YEAR
                                                  NORMAL
..................................................................
TEMPERATURE (F)
 YESTERDAY
  MAXIMUM         91R   423 PM  89    1959  68     23       74
  MINIMUM         55    606 AM  24    1907  45     10       43
  AVERAGE         73                        57     16       59

PRECIPITATION (IN)
  YESTERDAY        0.00          2.57 1987   0.16  -0.16     0.00
  MONTH TO DATE    T                         0.48  -0.48     0.00
  SINCE MAR 1      3.75                      4.83  -1.08     4.08
  SINCE JAN 1      4.86                      5.73  -0.87     4.79

SNOWFALL (IN)
  YESTERDAY        0.0           4.5  1967   0.0    0.0      0.0
  MONTH TO DATE    0.0                       0.0    0.0      0.0
  SINCE MAR 1      0.8                       6.4   -5.6      3.4
  SINCE JUL 1     17.0                      28.8  -11.8     21.7
  SNOW DEPTH       0

DEGREE DAYS
 HEATING
  YESTERDAY        0                         9     -9        6
  MONTH TO DATE    0                        27    -27       32
  SINCE MAR 1    991                      1236   -245     1295
  SINCE JUL 1   5614                      5866   -252     6175

 COOLING
  YESTERDAY        8                         1      7        0
  MONTH TO DATE   17                         1     16        0
  SINCE MAR 1     21                         6     15        8
  SINCE JAN 1     21                         6     15        8
..................................................................


WIND (MPH)
  HIGHEST WIND SPEED    28   HIGHEST WIND DIRECTION     N (350)
  HIGHEST GUST SPEED    35   HIGHEST GUST DIRECTION     N (10)
  AVERAGE WIND SPEED    10.4


SKY COVER
  AVERAGE SKY COVER 0.1


WEATHER CONDITIONS
 THE FOLLOWING WEATHER WAS RECORDED YESTERDAY.
  THUNDERSTORM


RELATIVE HUMIDITY (PERCENT)
 HIGHEST    77           500 AM
 LOWEST     16           500 PM
 AVERAGE    47

..........................................................


THE HASTINGS NE CLIMATE NORMALS FOR TODAY
                         NORMAL    RECORD    YEAR
 MAXIMUM TEMPERATURE (F)   68        90      1962
 MINIMUM TEMPERATURE (F)   46        26      1907


SUNRISE AND SUNSET
MAY  4 2015...........SUNRISE   629 AM CDT   SUNSET   833 PM CDT
MAY  5 2015...........SUNRISE   628 AM CDT   SUNSET   834 PM CDT


-  INDICATES NEGATIVE NUMBERS.
R  INDICATES RECORD WAS SET OR TIED.
MM INDICATES DATA IS MISSING.
T  INDICATES TRACE AMOUNT.




$$
