000
CDUS44 KHUN 202122
CLIHSV


CLIMATE REPORT
NATIONAL WEATHER SERVICE HUNTSVILLE AL
422 PM CDT MON APR 20 2015


...................................

...THE HUNTSVILLE CLIMATE SUMMARY FOR APRIL 20 2015...
VALID TODAY AS OF 0400 PM LOCAL TIME.

CLIMATE NORMAL PERIOD 1981 TO 2010
CLIMATE RECORD PERIOD 1894 TO 2015


WEATHER ITEM   OBSERVED TIME   RECORD YEAR NORMAL DEPARTURE LAST
                VALUE   (LST)  VALUE       VALUE  FROM      YEAR
                                                  NORMAL
..................................................................
TEMPERATURE (F)
 TODAY
  MAXIMUM         69    148 PM  90    1971  75     -6       80
  MINIMUM         58    530 AM  30    1983  51      7       46
  AVERAGE         64                        63      1       63

PRECIPITATION (IN)
  TODAY            0.19          2.37 1996   0.14   0.05     0.00
  MONTH TO DATE    5.52                      2.85   2.67     3.95
  SINCE MAR 1     11.14                      8.06   3.08     6.63
  SINCE JAN 1     18.88                     17.79   1.09    16.50

SNOWFALL (IN)
  TODAY            0.0
  MONTH TO DATE    0.0
  SINCE MAR 1      1.0
  SINCE JUL 1      9.8
  SNOW DEPTH       0

DEGREE DAYS
 HEATING
  TODAY            1                         4     -3        2
  MONTH TO DATE   31                       123    -92      122
  SINCE MAR 1    338                       491   -153      584
  SINCE JUL 1   2979                      2943     36     3419

 COOLING
  TODAY            0                         2     -2        0
  MONTH TO DATE   55                        31     24       18
  SINCE MAR 1     57                        44     13       18
  SINCE JAN 1     57                        45     12       19
..................................................................


WIND (MPH)
  HIGHEST WIND SPEED    24   HIGHEST WIND DIRECTION     W (260)
  HIGHEST GUST SPEED    33   HIGHEST GUST DIRECTION     W (260)
  AVERAGE WIND SPEED    10.2


SKY COVER
  POSSIBLE SUNSHINE  MM
  AVERAGE SKY COVER 0.6


WEATHER CONDITIONS
 THE FOLLOWING WEATHER WAS RECORDED TODAY.
  THUNDERSTORM
  HEAVY RAIN
  LIGHT RAIN
  FOG


RELATIVE HUMIDITY (PERCENT)
 HIGHEST   100           600 AM
 LOWEST     55           100 PM
 AVERAGE    78

..........................................................


THE HUNTSVILLE CLIMATE NORMALS FOR TOMORROW
                         NORMAL    RECORD    YEAR
 MAXIMUM TEMPERATURE (F)   75        90      2002
 MINIMUM TEMPERATURE (F)   52        30      1983
                                             1953


SUNRISE AND SUNSET
APRIL 20 2015.........SUNRISE   610 AM CDT   SUNSET   723 PM CDT
APRIL 21 2015.........SUNRISE   608 AM CDT   SUNSET   724 PM CDT


-  INDICATES NEGATIVE NUMBERS.
R  INDICATES RECORD WAS SET OR TIED.
MM INDICATES DATA IS MISSING.
T  INDICATES TRACE AMOUNT.




$$
