000
CDUS45 KPIH 060733
CLIIDA


CLIMATE REPORT
NATIONAL WEATHER SERVICE POCATELLO ID
132 AM MDT WED MAY 6 2015


...................................

...THE IDAHO FALLS ID CLIMATE SUMMARY FOR MAY 5 2015...

CLIMATE NORMAL PERIOD 1981 TO 2010
CLIMATE RECORD PERIOD 1948 TO 2015


WEATHER ITEM   OBSERVED TIME   RECORD YEAR NORMAL DEPARTURE LAST
                VALUE   (LST)  VALUE       VALUE  FROM      YEAR
                                                  NORMAL
..................................................................
TEMPERATURE (F)
 YESTERDAY
  MAXIMUM         74    150 PM  85    1966  64     10       63
  MINIMUM         42    354 AM  17    1982  36      6       43
  AVERAGE         58                        50      8       53

PRECIPITATION (IN)
  YESTERDAY        0.10          0.35 1993   0.04   0.06     0.00
  MONTH TO DATE    0.12                      0.23  -0.11     0.00
  SINCE OCT 1      2.51                      6.15  -3.64     4.56
  SINCE JAN 1      1.05                      3.58  -2.53     3.26

SNOWFALL (IN)
  YESTERDAY       MM
  MONTH TO DATE   MM
  SINCE MAR 1     MM
  SINCE JUL 1     MM
  SNOW DEPTH      MM

DEGREE DAYS
 HEATING
  YESTERDAY        7                        15     -8       12
  MONTH TO DATE   35                        78    -43       48
  SINCE MAR 1   1302                      1589   -287     1440
  SINCE JUL 1   6120                      7391  -1271     6957

 COOLING
  YESTERDAY        0                         0      0        0
  MONTH TO DATE    0                         0      0        0
  SINCE MAR 1      0                         0      0        0
  SINCE JAN 1      0                         0      0        0
..................................................................


WIND (MPH)
  HIGHEST WIND SPEED    25   HIGHEST WIND DIRECTION     N (350)
  HIGHEST GUST SPEED    34   HIGHEST GUST DIRECTION    NE (40)
  AVERAGE WIND SPEED     6.2


SKY COVER
  POSSIBLE SUNSHINE  MM
  AVERAGE SKY COVER 0.3


WEATHER CONDITIONS
 THE FOLLOWING WEATHER WAS RECORDED YESTERDAY.
  THUNDERSTORM
  RAIN
  LIGHT RAIN
  HAZE


RELATIVE HUMIDITY (PERCENT)
 HIGHEST    93          1000 PM
 LOWEST     29           100 PM
 AVERAGE    61

..........................................................


THE IDAHO FALLS ID CLIMATE NORMALS FOR TODAY
                         NORMAL    RECORD    YEAR
 MAXIMUM TEMPERATURE (F)   64        86      1992
 MINIMUM TEMPERATURE (F)   36        25      2001


SUNRISE AND SUNSET
MAY  6 2015...........SUNRISE   614 AM MDT   SUNSET   836 PM MDT
MAY  7 2015...........SUNRISE   613 AM MDT   SUNSET   837 PM MDT


-  INDICATES NEGATIVE NUMBERS.
R  INDICATES RECORD WAS SET OR TIED.
MM INDICATES DATA IS MISSING.
T  INDICATES TRACE AMOUNT.




$$
