000
CDUS45 KVEF 280831
CLIIGM


CLIMATE REPORT
NATIONAL WEATHER SERVICE LAS VEGAS, NV
129 AM PDT TUE APR 28 2015


...................................

...THE KINGMAN AZ CLIMATE SUMMARY FOR APRIL 27 2015...

CLIMATE NORMAL PERIOD 1981 TO 2010
CLIMATE RECORD PERIOD 1901 TO 2015


WEATHER ITEM   OBSERVED TIME   RECORD YEAR NORMAL DEPARTURE LAST
                VALUE   (LST)  VALUE       VALUE  FROM      YEAR
                                                  NORMAL
..................................................................
TEMPERATURE (F)
 YESTERDAY
  MAXIMUM         77    436 PM  93    2000  78     -1       70
  MINIMUM         37    302 AM  27    1932  47    -10       38
  AVERAGE         57                        62     -5       54

PRECIPITATION (IN)
  YESTERDAY        0.00          0.23 1987   0.01  -0.01     0.00
  MONTH TO DATE    0.11                      0.39  -0.28     0.24
  SINCE OCT 1      4.94                      5.41  -0.47     1.67
  SINCE JAN 1      2.81                      3.31  -0.50     0.79

DEGREE DAYS
 HEATING
  YESTERDAY        8                         4      4       11
  MONTH TO DATE  214                       203     11      148
  SINCE MAR 1    462                       621   -159      454
  SINCE JUL 1   2442                      3034   -592     2776

 COOLING
  YESTERDAY        0                         2     -2        0
  MONTH TO DATE    4                        23    -19       33
  SINCE MAR 1      6                        26    -20       33
  SINCE JAN 1      6                        26    -20       33
..................................................................


WIND (MPH)
  RESULTANT WIND SPEED   6   RESULTANT WIND DIRECTION   N (20)
  HIGHEST WIND SPEED    22   HIGHEST WIND DIRECTION    NW (330)
  HIGHEST GUST SPEED    26   HIGHEST GUST DIRECTION     N (340)
  AVERAGE WIND SPEED     9.1


SKY COVER
  POSSIBLE SUNSHINE  MM
  AVERAGE SKY COVER 0.0


WEATHER CONDITIONS
 THE FOLLOWING WEATHER WAS RECORDED YESTERDAY.
  NO SIGNIFICANT WEATHER WAS OBSERVED.


RELATIVE HUMIDITY (PERCENT)
 HIGHEST    64           300 AM
 LOWEST     16           600 PM
 AVERAGE    40

..........................................................


THE KINGMAN AZ CLIMATE NORMALS FOR TODAY
                         NORMAL    RECORD    YEAR
 MAXIMUM TEMPERATURE (F)   78        94      2007
 MINIMUM TEMPERATURE (F)   48        31      1970


SUNRISE AND SUNSET
APRIL 28 2015.........SUNRISE   548 AM MST   SUNSET   719 PM MST
APRIL 29 2015.........SUNRISE   547 AM MST   SUNSET   720 PM MST


-  INDICATES NEGATIVE NUMBERS.
R  INDICATES RECORD WAS SET OR TIED.
MM INDICATES DATA IS MISSING.
T  INDICATES TRACE AMOUNT.




$$
