000
CDUS43 KILX 242127
CLIILX


CLIMATE REPORT
NATIONAL WEATHER SERVICE LINCOLN IL
427 PM CDT FRI APR 24 2015


...................................

...THE LINCOLN IL CLIMATE SUMMARY FOR APRIL 24 2015...
VALID TODAY AS OF 0400 PM LOCAL TIME.

CLIMATE NORMAL PERIOD 1981 TO 2010
CLIMATE RECORD PERIOD 1905 TO 2015


WEATHER ITEM   OBSERVED TIME   RECORD YEAR NORMAL DEPARTURE LAST
                VALUE   (LST)  VALUE       VALUE  FROM      YEAR
                                                  NORMAL
..................................................................
TEMPERATURE (F)
 TODAY
  MAXIMUM         63        MM  89    1925  67     -4       77
  MINIMUM         30        MM  18    1910  44    -14       48
  AVERAGE         47                        56     -9       63

PRECIPITATION (IN)
  TODAY            0.00          1.76 1908   0.13  -0.13     0.09
  MONTH TO DATE    1.62                      2.83  -1.21     2.19
  SINCE MAR 1      3.17                      5.43  -2.26     4.08
  SINCE JAN 1      5.93                      9.18  -3.25     8.74

SNOWFALL (IN)
  TODAY            0.0           4.0  1910   0.0    0.0      0.0
  MONTH TO DATE    0.0                       0.3   -0.3       T
  SINCE MAR 1      3.7                       2.0    1.7      4.7
  SINCE JUL 1     21.9                      20.5    1.4     46.3
  SNOW DEPTH       0

DEGREE DAYS
 HEATING
  TODAY           18                        10      8        2
  MONTH TO DATE  242                       338    -96      324
  SINCE MAR 1   1067                      1079    -12     1256
  SINCE JUL 1   6004                      5502    502     6500

 COOLING
  TODAY            0                         1     -1        0
  MONTH TO DATE    1                         7     -6        1
  SINCE MAR 1      1                         9     -8        1
  SINCE JAN 1      1                         9     -8        1
..................................................................







THE LINCOLN IL CLIMATE NORMALS FOR TOMORROW
                         NORMAL    RECORD    YEAR
 MAXIMUM TEMPERATURE (F)   68        89      1954
 MINIMUM TEMPERATURE (F)   44        21      1934


SUNRISE AND SUNSET
APRIL 24 2015.........SUNRISE   607 AM CDT   SUNSET   745 PM CDT
APRIL 25 2015.........SUNRISE   605 AM CDT   SUNSET   746 PM CDT


-  INDICATES NEGATIVE NUMBERS.
R  INDICATES RECORD WAS SET OR TIED.
MM INDICATES DATA IS MISSING.
T  INDICATES TRACE AMOUNT.




$$
