000
CDUS45 KFGZ 260052
CLIINW
CLIMATE REPORT
NATIONAL WEATHER SERVICE FLAGSTAFF, AZ
551 PM MST SAT APR 25 2015


...................................

...THE WINSLOW AZ AIRPORT CLIMATE SUMMARY FOR APRIL 25 2015...
VALID TODAY AS OF 0500 PM LOCAL TIME.

CLIMATE NORMAL PERIOD 1981 TO 2010
CLIMATE RECORD PERIOD 1915 TO 2015


WEATHER ITEM   OBSERVED TIME   RECORD YEAR NORMAL DEPARTURE LAST
                VALUE   (LST)  VALUE       VALUE  FROM      YEAR
                                                  NORMAL
..................................................................
TEMPERATURE (F)
 TODAY
  MAXIMUM         67    113 PM  90    1996  75     -8       79
  MINIMUM         44    609 AM  21    1921  40      4       41
  AVERAGE         56                        57     -1       60

PRECIPITATION (IN)
  TODAY            0.00          0.30 1963   0.01  -0.01     0.00
  MONTH TO DATE    0.03                      0.23  -0.20     0.03
  SINCE SEP 1      5.17                      4.23   0.94     4.86
  SINCE JAN 1      2.32                      1.75   0.57     1.05

DEGREE DAYS
 HEATING
  TODAY            9                         8      1        5
  MONTH TO DATE  278                       290    -12      237
  SINCE JUL 1   3639                      4343   -704     4095

 COOLING
  TODAY            0                         0      0        0
  MONTH TO DATE    0                         0      0        1
  SINCE JAN 1      0                         0      0        1
..................................................................


WIND (MPH)
  HIGHEST WIND SPEED    31   HIGHEST WIND DIRECTION    SW (220)
  HIGHEST GUST SPEED    40   HIGHEST GUST DIRECTION    SW (210)
  AVERAGE WIND SPEED    15.4


SKY COVER
  POSSIBLE SUNSHINE  MM
  AVERAGE SKY COVER 0.5


WEATHER CONDITIONS
 THE FOLLOWING WEATHER WAS RECORDED TODAY.
  NO SIGNIFICANT WEATHER WAS OBSERVED.


RELATIVE HUMIDITY (PERCENT)
 HIGHEST    71           500 AM
 LOWEST     29           100 PM
 AVERAGE    50

..........................................................


THE WINSLOW AZ AIRPORT CLIMATE NORMALS FOR TOMORROW
                         NORMAL    RECORD    YEAR
 MAXIMUM TEMPERATURE (F)   75        88      1996
                                             1927
 MINIMUM TEMPERATURE (F)   40        25      1997


SUNRISE AND SUNSET
APRIL 25 2015.........SUNRISE   539 AM MST   SUNSET   703 PM MST
APRIL 26 2015.........SUNRISE   538 AM MST   SUNSET   704 PM MST


-  INDICATES NEGATIVE NUMBERS.
R  INDICATES RECORD WAS SET OR TIED.
MM INDICATES DATA IS MISSING.
T  INDICATES TRACE AMOUNT.




$$
