000
CDUS43 KDVN 211245
CLIIOW


CLIMATE REPORT
NATIONAL WEATHER SERVICE QUAD CITIES IA IL
745 AM CDT TUE APR 21 2015


...................................

...THE IOWA CITY IA CLIMATE SUMMARY FOR APRIL 20 2015...

CLIMATE NORMAL PERIOD 1981 TO 2010
CLIMATE RECORD PERIOD 9999 TO 9999


WEATHER ITEM   OBSERVED TIME   RECORD YEAR NORMAL DEPARTURE LAST
                VALUE   (LST)  VALUE       VALUE  FROM      YEAR
                                                  NORMAL
..................................................................
TEMPERATURE (F)
 YESTERDAY
  MAXIMUM         52    515 PM  MM      MM  63    -11       82
  MINIMUM         35   1150 PM  MM      MM  42     -7       49
  AVERAGE         44                        52     -8       66

PRECIPITATION (IN)
  YESTERDAY        0.05         MM      MM   0.14  -0.09     0.00
  MONTH TO DATE    1.91                      2.04  -0.13     2.25
  SINCE MAR 1      2.44                      4.26  -1.82     2.88
  SINCE JAN 1      4.02                      6.42  -2.40     4.71

DEGREE DAYS
 HEATING
  YESTERDAY       21                        13      8        0
  MONTH TO DATE  231                       317    -86      351
  SINCE MAR 1   1075                      1134    -59     1394
  SINCE JUL 1   6440                      6084    356     7187

 COOLING
  YESTERDAY        0                         0      0        1
  MONTH TO DATE    0                         0      0        3
  SINCE MAR 1      0                         0      0        3
  SINCE JAN 1      0                         0      0        3
..................................................................


WIND (MPH)
  HIGHEST WIND SPEED    35   HIGHEST WIND DIRECTION    NW (300)
  HIGHEST GUST SPEED    45   HIGHEST GUST DIRECTION     W (280)
  AVERAGE WIND SPEED    15.6


SKY COVER
  POSSIBLE SUNSHINE  MM
  AVERAGE SKY COVER 0.7


WEATHER CONDITIONS
 THE FOLLOWING WEATHER WAS RECORDED YESTERDAY.
  LIGHT RAIN
  FOG


RELATIVE HUMIDITY (PERCENT)
 HIGHEST    93           100 AM
 LOWEST     56           600 PM
 AVERAGE    75

..........................................................


THE IOWA CITY IA CLIMATE NORMALS FOR TODAY
                         NORMAL    RECORD    YEAR
 MAXIMUM TEMPERATURE (F)   64        MM        MM
 MINIMUM TEMPERATURE (F)   42        MM        MM


SUNRISE AND SUNSET
APRIL 21 2015.........SUNRISE   617 AM CDT   SUNSET   753 PM CDT
APRIL 22 2015.........SUNRISE   616 AM CDT   SUNSET   754 PM CDT


-  INDICATES NEGATIVE NUMBERS.
R  INDICATES RECORD WAS SET OR TIED.
MM INDICATES DATA IS MISSING.
T  INDICATES TRACE AMOUNT.




$$
