000
CDCA42 TJSJ 040438
CLIIST


CLIMATE REPORT
NATIONAL WEATHER SERVICE SAN JUAN, PR
1235 AM AST MON MAY 4 2015


...................................

...THE CYRIL E. KING AP/ST THOMAS  CLIMATE SUMMARY FOR MAY 3 2015...

CLIMATE NORMAL PERIOD 1981 TO 2010
CLIMATE RECORD PERIOD 1953 TO 2015


WEATHER ITEM   OBSERVED TIME   RECORD YEAR NORMAL DEPARTURE LAST
                VALUE   (LST)  VALUE       VALUE  FROM      YEAR
                                                  NORMAL
..................................................................
TEMPERATURE (F)
 YESTERDAY
  MAXIMUM         87    136 PM  95    1995  87      0       87
  MINIMUM         77    434 AM  69    1954  75      2       78
  AVERAGE         82                        81      1       83

PRECIPITATION (IN)
  YESTERDAY        T             0.52 2004   0.11  -0.11      T
  MONTH TO DATE    T                         0.33  -0.33      T
  SINCE MAR 1      2.76                      4.49  -1.73     3.98
  SINCE JAN 1     17.79                      8.30   9.49     6.56

SNOWFALL (IN)
  YESTERDAY        0.0                       0.0    0.0      0.0
  MONTH TO DATE    0.0                       0.0    0.0      0.0
  SINCE MAR 1      0.0                       0.0    0.0      0.0
  SINCE JUL 1      0.0                       0.0    0.0      0.0

DEGREE DAYS
 HEATING
  YESTERDAY        0                         0      0        0
  MONTH TO DATE    0                         0      0        0
  SINCE MAR 1      0                         0      0        0
  SINCE JUL 1      0                         0      0        0

 COOLING
  YESTERDAY       17                        16      1       18
  MONTH TO DATE   55                        48      7       52
  SINCE MAR 1    947                       962    -15      957
  SINCE JAN 1   1751                      1776    -25     1779
..................................................................


WIND (MPH)
  HIGHEST WIND SPEED    20   HIGHEST WIND DIRECTION     E (110)
  HIGHEST GUST SPEED    24   HIGHEST GUST DIRECTION    SE (130)
  AVERAGE WIND SPEED    10.4


SKY COVER
  AVERAGE SKY COVER 0.2


WEATHER CONDITIONS
 THE FOLLOWING WEATHER WAS RECORDED YESTERDAY.
  LIGHT RAIN


RELATIVE HUMIDITY (PERCENT)
 HIGHEST    85
 LOWEST     61
 AVERAGE    73

..........................................................


THE CYRIL E. KING AP/ST THOMAS  CLIMATE NORMALS FOR TODAY
                         NORMAL    RECORD    YEAR
 MAXIMUM TEMPERATURE (F)   87        96      1994
 MINIMUM TEMPERATURE (F)   76        68      1975


SUNRISE AND SUNSET
MAY  4 2015...........SUNRISE   551 AM AST   SUNSET   642 PM AST
MAY  5 2015...........SUNRISE   551 AM AST   SUNSET   643 PM AST


-  INDICATES NEGATIVE NUMBERS.
R  INDICATES RECORD WAS SET OR TIED.
MM INDICATES DATA IS MISSING.
T  INDICATES TRACE AMOUNT.




$$
