000
CDUS43 KGLD 070752 RRA
CLIITR

CLIMATE REPORT
NATIONAL WEATHER SERVICE GOODLAND
150 AM MDT THU MAY 7 2015

...................................

...THE BURLINGTON CO CLIMATE SUMMARY FOR MAY 6 2015...

CLIMATE NORMAL PERIOD 1981 TO 2010
CLIMATE RECORD PERIOD 1896 TO 2015

WEATHER ITEM   OBSERVED TIME   RECORD YEAR NORMAL DEPARTURE LAST
                VALUE   (LST)  VALUE       VALUE  FROM      YEAR
                                                  NORMAL
..................................................................
TEMPERATURE (F)
 YESTERDAY
  MAXIMUM         68    525 PM  91    2004  69     -1       84
                                      1934
  MINIMUM         49    216 AM  30    1948  41      8       41
  AVERAGE         59                        55      4       63

PRECIPITATION (IN)
  YESTERDAY        0.02                      0.09  -0.07     0.00
  MONTH TO DATE    0.84                      0.51   0.33     0.00
  SINCE MAR 1      3.52                      2.86   0.66     0.64
  SINCE JAN 1      4.66                      3.66   0.00     1.34

..................................................................

THE BURLINGTON CO CLIMATE NORMALS FOR TODAY
                         NORMAL    RECORD    YEAR
 MAXIMUM TEMPERATURE (F)   69        93      1934
 MINIMUM TEMPERATURE (F)   41        29      1938

-  INDICATES NEGATIVE NUMBERS.
R  INDICATES RECORD WAS SET OR TIED.
MM INDICATES DATA IS MISSING.
T  INDICATES TRACE AMOUNT.

$$
