000
CDUS44 KJAN 250639
CLIJAN


CLIMATE REPORT
NATIONAL WEATHER SERVICE JACKSON MS
136 AM CDT SAT APR 25 2015


...................................

...THE JACKSON CLIMATE SUMMARY FOR APRIL 24 2015...

CLIMATE NORMAL PERIOD 1981 TO 2010
CLIMATE RECORD PERIOD 1896 TO 2015


WEATHER ITEM   OBSERVED TIME   RECORD YEAR NORMAL DEPARTURE LAST
                VALUE   (LST)  VALUE       VALUE  FROM      YEAR
                                                  NORMAL
..................................................................
TEMPERATURE (F)
 YESTERDAY
  MAXIMUM         77    201 PM  93    1925  78     -1       84
  MINIMUM         59    551 AM  39    1910  55      4       54
  AVERAGE         68                        66      2       69

PRECIPITATION (IN)
  YESTERDAY        T             3.24 2003   0.15  -0.15      T
  MONTH TO DATE    3.46                      4.12  -0.66    10.42
  SINCE MAR 1     10.73                      9.16   1.57    16.07
  SINCE JAN 1     20.93                     18.89   2.04    23.12

SNOWFALL (IN)
  YESTERDAY        0.0           0.0    MM   0.0    0.0      0.0
  MONTH TO DATE    0.0                       0.0    0.0      0.0
  SINCE MAR 1      0.3                       0.1    0.2       T
  SINCE JUL 1      0.3                       0.8   -0.5      0.8

DEGREE DAYS
 HEATING
  YESTERDAY        0                         2     -2        0
  MONTH TO DATE   20                        98    -78      108
  SINCE MAR 1    215                       376   -161      451
  SINCE JUL 1   2341                      2368    -27     2717

 COOLING
  YESTERDAY        3                         3      0        4
  MONTH TO DATE  120                        57     63       46
  SINCE MAR 1    157                        84     73       50
  SINCE JAN 1    157                        94     63       56
..................................................................


WIND (MPH)
  HIGHEST WIND SPEED    16   HIGHEST WIND DIRECTION    SE (150)
  HIGHEST GUST SPEED    20   HIGHEST GUST DIRECTION     S (160)
  AVERAGE WIND SPEED     8.1


SKY COVER
  POSSIBLE SUNSHINE  MM
  AVERAGE SKY COVER 0.8


WEATHER CONDITIONS
 THE FOLLOWING WEATHER WAS RECORDED YESTERDAY.
  LIGHT RAIN


RELATIVE HUMIDITY (PERCENT)
 HIGHEST    93          1200 AM
 LOWEST     57          1100 AM
 AVERAGE    75

..........................................................


THE JACKSON CLIMATE NORMALS FOR TODAY
                         NORMAL    RECORD    YEAR
 MAXIMUM TEMPERATURE (F)   78        90      1925
 MINIMUM TEMPERATURE (F)   55        31      1910


SUNRISE AND SUNSET
APRIL 25 2015.........SUNRISE   620 AM CDT   SUNSET   737 PM CDT
APRIL 26 2015.........SUNRISE   619 AM CDT   SUNSET   738 PM CDT


-  INDICATES NEGATIVE NUMBERS.
R  INDICATES RECORD WAS SET OR TIED.
MM INDICATES DATA IS MISSING.
T  INDICATES TRACE AMOUNT.

&&

AT 3 AM:

THE PEARL RIVER STAGE AT JACKSON WAS 21 FEET. THE RIVER HAS FALLEN
2.3 FEET OVER THE LAST 24 HOURS.

THE MISSISSIPPI RIVER STAGE AT VICKSBURG WAS 41.3 FEET. THE RIVER
HAS REMAINED STEADY OVER THE LAST 24 HOURS.

$$
