000
CDUS44 KMEG 280641
CLIJBR


CLIMATE REPORT
NATIONAL WEATHER SERVICE MEMPHIS TN
141 AM CDT TUE APR 28 2015


...................................

...THE JONESBORO CLIMATE SUMMARY FOR APRIL 27 2015...

CLIMATE NORMAL PERIOD 1981 TO 2010
CLIMATE RECORD PERIOD 1897 TO 2015


WEATHER ITEM   OBSERVED TIME   RECORD YEAR NORMAL DEPARTURE LAST
                VALUE   (LST)  VALUE       VALUE  FROM      YEAR
                                                  NORMAL
..................................................................
TEMPERATURE (F)
 YESTERDAY
  MAXIMUM         64    336 PM  92    1987  74    -10       71
  MINIMUM         47    545 AM  35    1919  53     -6       65
  AVERAGE         56                        63     -7       68

PRECIPITATION (IN)
  YESTERDAY        0.00          1.70 1966   0.18  -0.18     0.57
  MONTH TO DATE    5.82                      4.44   1.38     4.99
  SINCE MAR 1     13.14                      8.94   4.20    10.00
  SINCE JAN 1     17.97                     16.09   1.88    14.71

SNOWFALL (IN)
  YESTERDAY        0.0          MM      MM   0.0    0.0      0.0
  MONTH TO DATE    0.0                       0.0    0.0      0.0
  SINCE MAR 1      7.6                       0.7    6.9      3.2
  SINCE JUL 1      9.4                       4.8    4.6      5.2
  SNOW DEPTH       0

DEGREE DAYS
 HEATING
  YESTERDAY        9                         3      6        0
  MONTH TO DATE  134                       187    -53      172
  SINCE MAR 1    699                       651     48      803
  SINCE JUL 1   3947                      3607    340     4068

 COOLING
  YESTERDAY        0                         2     -2        3
  MONTH TO DATE   28                        35     -7       17
  SINCE MAR 1     28                        41    -13       17
  SINCE JAN 1     28                        41    -13       17
..................................................................


WIND (MPH)
  HIGHEST WIND SPEED    25   HIGHEST WIND DIRECTION    NE (50)
  HIGHEST GUST SPEED    34   HIGHEST GUST DIRECTION    NE (50)
  AVERAGE WIND SPEED    12.3


SKY COVER
  POSSIBLE SUNSHINE  MM
  AVERAGE SKY COVER 0.0


WEATHER CONDITIONS
 THE FOLLOWING WEATHER WAS RECORDED YESTERDAY.
  NO SIGNIFICANT WEATHER WAS OBSERVED.


RELATIVE HUMIDITY (PERCENT)
 HIGHEST    80           700 AM
 LOWEST     44           300 PM
 AVERAGE    62

..........................................................


THE JONESBORO CLIMATE NORMALS FOR TODAY
                         NORMAL    RECORD    YEAR
 MAXIMUM TEMPERATURE (F)   74        94      1901
 MINIMUM TEMPERATURE (F)   53        36      1992


SUNRISE AND SUNSET
APRIL 28 2015.........SUNRISE   614 AM CDT   SUNSET   747 PM CDT
APRIL 29 2015.........SUNRISE   613 AM CDT   SUNSET   748 PM CDT


-  INDICATES NEGATIVE NUMBERS.
R  INDICATES RECORD WAS SET OR TIED.
MM INDICATES DATA IS MISSING.
T  INDICATES TRACE AMOUNT.




$$
