000
CDUS43 KSGF 040628
CLIJLN


CLIMATE REPORT
NATIONAL WEATHER SERVICE SPRINGFIELD MO
128 AM CDT MON MAY 4 2015


...................................

...THE JOPLIN MO CLIMATE SUMMARY FOR MAY 3 2015...

CLIMATE NORMAL PERIOD 1981 TO 2010
CLIMATE RECORD PERIOD 1902 TO 2015


WEATHER ITEM   OBSERVED TIME   RECORD YEAR NORMAL DEPARTURE LAST
                VALUE   (LST)  VALUE       VALUE  FROM      YEAR
                                                  NORMAL
..................................................................
TEMPERATURE (F)
 YESTERDAY
  MAXIMUM         81    250 PM  91    1952  75      6       83
  MINIMUM         59    538 AM  31    1976  53      6       47
  AVERAGE         70                        64      6       65

PRECIPITATION (IN)
  YESTERDAY        T             0.87 1979   0.20  -0.20     0.00
  MONTH TO DATE    T                         0.58  -0.58     0.00
  SINCE MAR 1      5.78                      8.47  -2.69     3.13
  SINCE JAN 1      7.30                     12.82  -5.52     3.98

DEGREE DAYS
 HEATING
  YESTERDAY        0                         4     -4        0
  MONTH TO DATE    6                        12     -6       31
  SINCE MAR 1    693                       761    -68      960
  SINCE JUL 1   4229                      4015    214     4809

 COOLING
  YESTERDAY        5                         2      3        0
  MONTH TO DATE    5                         6     -1        0
  SINCE MAR 1     40                        59    -19       23
  SINCE JAN 1     40                        60    -20       23
..................................................................


WIND (MPH)
  HIGHEST WIND SPEED    28   HIGHEST WIND DIRECTION     S (200)
  HIGHEST GUST SPEED    34   HIGHEST GUST DIRECTION     S (200)
  AVERAGE WIND SPEED    13.6


SKY COVER
  AVERAGE SKY COVER 0.1


WEATHER CONDITIONS
 THE FOLLOWING WEATHER WAS RECORDED YESTERDAY.
  NO SIGNIFICANT WEATHER WAS OBSERVED.


RELATIVE HUMIDITY (PERCENT)
 HIGHEST    73          1000 PM
 LOWEST     42           100 PM
 AVERAGE    58

..........................................................


THE JOPLIN MO CLIMATE NORMALS FOR TODAY
                         NORMAL    RECORD    YEAR
 MAXIMUM TEMPERATURE (F)   75        94      2014
 MINIMUM TEMPERATURE (F)   53        33      2013
                                             1954


SUNRISE AND SUNSET
MAY  4 2015...........SUNRISE   620 AM CDT   SUNSET   810 PM CDT
MAY  5 2015...........SUNRISE   619 AM CDT   SUNSET   811 PM CDT


-  INDICATES NEGATIVE NUMBERS.
R  INDICATES RECORD WAS SET OR TIED.
MM INDICATES DATA IS MISSING.
T  INDICATES TRACE AMOUNT.




$$
