000
CDUS43 KBIS 180723
CLIJMS


CLIMATE REPORT
NATIONAL WEATHER SERVICE BISMARCK ND
222 AM CDT SAT APR 18 2015


...................................

...THE JAMESTOWN ND CLIMATE SUMMARY FOR APRIL 17 2015...

CLIMATE NORMAL PERIOD 1981 TO 2010
CLIMATE RECORD PERIOD 1891 TO 2015


WEATHER ITEM   OBSERVED TIME   RECORD YEAR NORMAL DEPARTURE LAST
                VALUE   (LST)  VALUE       VALUE  FROM      YEAR
                                                  NORMAL
..................................................................
TEMPERATURE (F)
 YESTERDAY
  MAXIMUM         74    528 PM  87    1915  56     18       45
  MINIMUM         25    355 AM   4    1910  31     -6       18
  AVERAGE         50                        44      6       32

PRECIPITATION (IN)
  YESTERDAY        0.00          0.54 1975   0.03  -0.03     0.00
  MONTH TO DATE    0.03                      0.56  -0.53     0.11
  SINCE MAR 1      0.64                      1.40  -0.76     0.27
  SINCE JAN 1      1.06                      2.25  -1.19     0.66

DEGREE DAYS
 HEATING
  YESTERDAY       15                        22     -7       33
  MONTH TO DATE  359                       438    -79      521
  SINCE MAR 1   1351                      1599   -248     1792
  SINCE JUL 1   8088                      8358   -270     9060

 COOLING
  YESTERDAY        0                         0      0        0
  MONTH TO DATE    0                         0      0        0
  SINCE MAR 1      0                         0      0        0
  SINCE JAN 1      0                         0      0        0
..................................................................


WIND (MPH)
  HIGHEST WIND SPEED    20   HIGHEST WIND DIRECTION    NE (60)
  HIGHEST GUST SPEED    25   HIGHEST GUST DIRECTION     W (290)
  AVERAGE WIND SPEED     8.2


SKY COVER
  POSSIBLE SUNSHINE  MM
  AVERAGE SKY COVER 0.0


WEATHER CONDITIONS
 THE FOLLOWING WEATHER WAS RECORDED YESTERDAY.
  HAZE


RELATIVE HUMIDITY (PERCENT)
 HIGHEST    70           300 AM
 LOWEST     12           300 PM
 AVERAGE    41

..........................................................


THE JAMESTOWN ND CLIMATE NORMALS FOR TODAY
                         NORMAL    RECORD    YEAR
 MAXIMUM TEMPERATURE (F)   57        90      1987
 MINIMUM TEMPERATURE (F)   31        10      1910


SUNRISE AND SUNSET
APRIL 18 2015.........SUNRISE   642 AM CDT   SUNSET   827 PM CDT
APRIL 19 2015.........SUNRISE   640 AM CDT   SUNSET   828 PM CDT


-  INDICATES NEGATIVE NUMBERS.
R  INDICATES RECORD WAS SET OR TIED.
MM INDICATES DATA IS MISSING.
T  INDICATES TRACE AMOUNT.




$$
