000
CDUS42 KILM 040845
CLILBT


CLIMATE REPORT
NATIONAL WEATHER SERVICE WILMINGTON NC
443 AM EDT MON MAY 4 2015


...................................

...THE LUMBERTON NC CLIMATE SUMMARY FOR MAY 3 2015...

CLIMATE NORMAL PERIOD 1981 TO 2010
CLIMATE RECORD PERIOD 9999 TO 9999


WEATHER ITEM   OBSERVED TIME   NORMAL DEPARTURE LAST
                VALUE   (LST)  VALUE  FROM      YEAR
                                      NORMAL
......................................................
TEMPERATURE (F)
 YESTERDAY
  MAXIMUM         81    428 PM  79      2       78
  MINIMUM         45    444 AM  53     -8       49
  AVERAGE         63            66     -3       64

PRECIPITATION (IN)
  YESTERDAY        0.00          0.07  -0.07     0.00
  MONTH TO DATE    0.02          0.19  -0.17     0.01
  SINCE MAR 1      6.09          6.34  -0.25     7.60
  SINCE JAN 1     15.55         12.21   3.34    13.67

DEGREE DAYS
 HEATING
  YESTERDAY        2             2      0        1
  MONTH TO DATE   12             8      4        4
  SINCE MAR 1    414           507    -93      636
  SINCE JUL 1   2778          2737     41     2932

 COOLING
  YESTERDAY        0             3     -3        0
  MONTH TO DATE    0             9     -9        5
  SINCE MAR 1     94            74     20       55
  SINCE JAN 1     94            77     17       56
......................................................


WIND (MPH)
  HIGHEST WIND SPEED    12   HIGHEST WIND DIRECTION    SE (150)
  HIGHEST GUST SPEED    17   HIGHEST GUST DIRECTION    SE (150)
  AVERAGE WIND SPEED     2.5


SKY COVER
  POSSIBLE SUNSHINE  MM
  AVERAGE SKY COVER 0.0


WEATHER CONDITIONS
 THE FOLLOWING WEATHER WAS RECORDED YESTERDAY.
  FOG


RELATIVE HUMIDITY (PERCENT)
 HIGHEST   100           200 AM
 LOWEST     28           200 PM
 AVERAGE    64

..........................................................


THE LUMBERTON NC CLIMATE NORMALS FOR TODAY
                         NORMAL
 MAXIMUM TEMPERATURE (F)   79
 MINIMUM TEMPERATURE (F)   54


SUNRISE AND SUNSET
MAY  4 2015...........SUNRISE   623 AM EDT   SUNSET   803 PM EDT
MAY  5 2015...........SUNRISE   622 AM EDT   SUNSET   804 PM EDT


-  INDICATES NEGATIVE NUMBERS.
R  INDICATES RECORD WAS SET OR TIED.
MM INDICATES DATA IS MISSING.
T  INDICATES TRACE AMOUNT.




$$
