000
CDHW41 PHFO 180249
CLILIH


CLIMATE REPORT
NATIONAL WEATHER SERVICE HONOLULU HI
449 PM HST FRI APR 17 2015


...................................

...THE LIHUE HI CLIMATE SUMMARY FOR APRIL 17 2015...
VALID TODAY AS OF 0400 PM LOCAL TIME.

CLIMATE NORMAL PERIOD 1981 TO 2010
CLIMATE RECORD PERIOD 1946 TO 2015


WEATHER ITEM   OBSERVED TIME   RECORD YEAR NORMAL DEPARTURE LAST
                VALUE   (LST)  VALUE       VALUE  FROM      YEAR
                                                  NORMAL
..................................................................
TEMPERATURE (F)
 TODAY
  MAXIMUM         82    250 PM  85    1981  79      3       80
  MINIMUM         73    607 AM  58    1967  69      4       72
  AVERAGE         78                        74      4       76

PRECIPITATION (IN)
  TODAY            0.00          0.68 2011   0.06  -0.06      T
  MONTH TO DATE    0.52                      1.46  -0.94     0.26
  SINCE MAR 1      2.16                      6.07  -3.91     2.19
  SINCE JAN 1      4.07                     12.98  -8.91    12.59

SNOWFALL (IN)
  TODAY            0.0
  MONTH TO DATE    0.0
  SINCE MAR 1      0.0
  SINCE JUL 1      0.0
  SNOW DEPTH       0

DEGREE DAYS
 HEATING
  TODAY            0                         0      0        0
  MONTH TO DATE    0                         0      0        0
  SINCE MAR 1      0                         0      0        0
  SINCE JUL 1      0                         0      0        0

 COOLING
  TODAY           13                         9      4       11
  MONTH TO DATE  194                       152     42      159
  SINCE MAR 1    448                       391     57      370
  SINCE JAN 1    904                       786    118      746
..................................................................


WIND (MPH)
  HIGHEST WIND SPEED    18   HIGHEST WIND DIRECTION    NE (60)
  HIGHEST GUST SPEED    23   HIGHEST GUST DIRECTION    NE (50)
  AVERAGE WIND SPEED    15.2


SKY COVER
  POSSIBLE SUNSHINE  MM
  AVERAGE SKY COVER 0.8


WEATHER CONDITIONS
 THE FOLLOWING WEATHER WAS RECORDED TODAY.
  NO SIGNIFICANT WEATHER WAS OBSERVED.


RELATIVE HUMIDITY (PERCENT)
 HIGHEST    79          1200 AM
 LOWEST     58          1000 AM
 AVERAGE    69

..........................................................


THE LIHUE HI CLIMATE NORMALS FOR TOMORROW
                         NORMAL    RECORD    YEAR
 MAXIMUM TEMPERATURE (F)   79        86      1981
 MINIMUM TEMPERATURE (F)   69        59      1967


SUNRISE AND SUNSET
APRIL 17 2015.........SUNRISE   616 AM HST   SUNSET   658 PM HST
APRIL 18 2015.........SUNRISE   615 AM HST   SUNSET   658 PM HST


-  INDICATES NEGATIVE NUMBERS.
R  INDICATES RECORD WAS SET OR TIED.
MM INDICATES DATA IS MISSING.
T  INDICATES TRACE AMOUNT.




$$
