000
CDUS44 KLZK 202121
CLILIT


CLIMATE REPORT
NATIONAL WEATHER SERVICE LITTLE ROCK AR
421 PM CDT MON APR 20 2015


...................................

...THE LITTLE ROCK ADAMS FIELD CLIMATE SUMMARY FOR APRIL 20 2015...
VALID TODAY AS OF 0400 PM LOCAL TIME.

CLIMATE NORMAL PERIOD 1981 TO 2010
CLIMATE RECORD PERIOD 1874 TO 2015


WEATHER ITEM   OBSERVED TIME   RECORD YEAR NORMAL DEPARTURE LAST
                VALUE   (LST)  VALUE       VALUE  FROM      YEAR
                                                  NORMAL
..................................................................
TEMPERATURE (F)
 TODAY
  MAXIMUM         69    149 PM  95    1987  74     -5       81
  MINIMUM         53    554 AM  34    1983  52      1       53
  AVERAGE         61                        63     -2       67

PRECIPITATION (IN)
  TODAY            0.00          8.08 1927   0.18  -0.18     0.00
  MONTH TO DATE    3.48                      3.34   0.14     3.53
  SINCE MAR 1     11.58                      8.02   3.56     8.82
  SINCE JAN 1     18.39                     15.23   3.16    14.39

SNOWFALL (IN)
  TODAY            0.0          MM      MM   0.0    0.0      0.0
  MONTH TO DATE    T                         0.0    0.0       T
  SINCE MAR 1      5.7                       0.4    5.3      2.2
  SINCE JUL 1     11.1                       3.5    7.6      6.2
  SNOW DEPTH       0

DEGREE DAYS
 HEATING
  TODAY            4                         4      0        0
  MONTH TO DATE   40                       118    -78      130
  SINCE MAR 1    435                       493    -58      625
  SINCE JUL 1   3081                      3006     75     3398

 COOLING
  TODAY            0                         2     -2        2
  MONTH TO DATE   66                        30     36       30
  SINCE MAR 1     80                        44     36       30
  SINCE JAN 1     80                        46     34       30
..................................................................


WIND (MPH)
  HIGHEST WIND SPEED    23   HIGHEST WIND DIRECTION    NW (320)
  HIGHEST GUST SPEED    29   HIGHEST GUST DIRECTION    NW (310)
  AVERAGE WIND SPEED    14.0


SKY COVER
  POSSIBLE SUNSHINE  MM
  AVERAGE SKY COVER 0.4


WEATHER CONDITIONS
 THE FOLLOWING WEATHER WAS RECORDED TODAY.
  NO SIGNIFICANT WEATHER WAS OBSERVED.


RELATIVE HUMIDITY (PERCENT)
 HIGHEST    83           200 AM
 LOWEST     29           100 PM
 AVERAGE    56

..........................................................


THE LITTLE ROCK ADAMS FIELD CLIMATE NORMALS FOR TOMORROW
                         NORMAL    RECORD    YEAR
 MAXIMUM TEMPERATURE (F)   75        89      1987
 MINIMUM TEMPERATURE (F)   53        39      1983
                                             1953
                                             1936


SUNRISE AND SUNSET
APRIL 20 2015.........SUNRISE   631 AM CDT   SUNSET   745 PM CDT
APRIL 21 2015.........SUNRISE   630 AM CDT   SUNSET   746 PM CDT


-  INDICATES NEGATIVE NUMBERS.
R  INDICATES RECORD WAS SET OR TIED.
MM INDICATES DATA IS MISSING.
T  INDICATES TRACE AMOUNT.




$$
