000
CDUS44 KCRP 190912 RRB
CLILRD

CLIMATE REPORT
NATIONAL WEATHER SERVICE CORPUS CHRISTI TX
409 AM CDT SUN APR 19 2015


...................................

...THE LAREDO CLIMATE SUMMARY FOR APRIL 18 2015...

CLIMATE NORMAL PERIOD 1981 TO 2010
CLIMATE RECORD PERIOD 1900 TO 2015


WEATHER ITEM   OBSERVED TIME   RECORD YEAR NORMAL DEPARTURE LAST
                VALUE   (LST)  VALUE       VALUE  FROM      YEAR
                                                  NORMAL
..................................................................
TEMPERATURE (F)
 YESTERDAY
  MAXIMUM         81    541 PM 108    1975  88     -7       83
                                      1975
  MINIMUM         67    413 AM  41    1921  65      2       66
  AVERAGE         74                        77     -3       75

PRECIPITATION (IN)
  YESTERDAY        T             0.89 1981   0.05  -0.05     0.00
  MONTH TO DATE    4.25                      0.72   3.53     0.03
  SINCE MAR 1      6.82                      1.84   4.98     1.11
  SINCE JAN 1      7.70                      3.68   4.02     1.32

SNOWFALL (IN)
  YESTERDAY        0.0
  MONTH TO DATE    0.0
  SINCE MAR 1      0.0
  SINCE JUL 1      0.0

DEGREE DAYS
 HEATING
  YESTERDAY        0                         0      0        0
  MONTH TO DATE    0                        12    -12        5
  SINCE MAR 1    128                        81     47      104
  SINCE JUL 1   1063                       925    138     1095

 COOLING
  YESTERDAY        9                        12     -3       10
  MONTH TO DATE  194                       185      9      187
  SINCE MAR 1    285                       358    -73      323
  SINCE JAN 1    333                       443   -110      435
..................................................................


WIND (MPH)
  HIGHEST WIND SPEED    14   HIGHEST WIND DIRECTION     E (100)
  HIGHEST GUST SPEED    17   HIGHEST GUST DIRECTION     E (80)
  AVERAGE WIND SPEED     8.9


SKY COVER
  POSSIBLE SUNSHINE  MM
  AVERAGE SKY COVER 0.6


WEATHER CONDITIONS
 THE FOLLOWING WEATHER WAS RECORDED YESTERDAY.
  LIGHT RAIN
  FOG


RELATIVE HUMIDITY (PERCENT)
 HIGHEST   100           300 AM
 LOWEST     60           500 PM

..........................................................


THE LAREDO CLIMATE NORMALS FOR TODAY
                         NORMAL    RECORD    YEAR
 MAXIMUM TEMPERATURE (F)   88       106      2011
 MINIMUM TEMPERATURE (F)   65        43      1921


SUNRISE AND SUNSET
APRIL 19 2015.........SUNRISE   710 AM CDT   SUNSET   805 PM CDT
APRIL 20 2015.........SUNRISE   709 AM CDT   SUNSET   805 PM CDT


-  INDICATES NEGATIVE NUMBERS.
R  INDICATES RECORD WAS SET OR TIED.
MM INDICATES DATA IS MISSING.
T  INDICATES TRACE AMOUNT.




$$
