000
CDUS45 KBYZ 272231
CLILVM


CLIMATE REPORT
NATIONAL WEATHER SERVICE BILLINGS MT
429 PM MDT MON APR 27 2015


...................................

...THE LIVINGSTON MT CLIMATE SUMMARY FOR APRIL 27 2015...
VALID TODAY AS OF 0400 PM LOCAL TIME.

CLIMATE NORMAL PERIOD 1981 TO 2010
CLIMATE RECORD PERIOD 1948 TO 2015


WEATHER ITEM   OBSERVED TIME   RECORD YEAR NORMAL DEPARTURE LAST
                VALUE   (LST)  VALUE       VALUE  FROM      YEAR
                                                  NORMAL
..................................................................
TEMPERATURE (F)
 TODAY
  MAXIMUM         59    326 PM  83    1987  59      0       54
  MINIMUM         30    538 AM  20    1994  31     -1       34
  AVERAGE         45                        45      0       44

PRECIPITATION (IN)
  TODAY            0.00          1.19        0.07  -0.07     0.14
  MONTH TO DATE    1.10                      1.55  -0.45     1.59
  SINCE OCT 1      4.35                      5.75  -1.40     6.96
  SINCE JAN 1      2.56                      3.38  -0.82     4.67

DEGREE DAYS
 HEATING
  TODAY           20                        20      0       21
  MONTH TO DATE  590                       631    -41      538
  SINCE MAR 1   1196                      1542   -346     1467
  SINCE JUL 1   5810                      6890  -1080     6710

 COOLING
  TODAY            0                         0      0        0
  MONTH TO DATE    0                         0      0        0
  SINCE MAR 1      0                         0      0        0
  SINCE JAN 1      0                         0      0        0
..................................................................


WIND (MPH)
  HIGHEST WIND SPEED    15   HIGHEST WIND DIRECTION     W (280)
  HIGHEST GUST SPEED    20   HIGHEST GUST DIRECTION    NW (310)
  AVERAGE WIND SPEED     7.4


SKY COVER
  POSSIBLE SUNSHINE  MM
  AVERAGE SKY COVER 0.4


WEATHER CONDITIONS
 THE FOLLOWING WEATHER WAS RECORDED TODAY.
  NO SIGNIFICANT WEATHER WAS OBSERVED.


RELATIVE HUMIDITY (PERCENT)
 HIGHEST    89           200 AM
 LOWEST     36           300 PM
 AVERAGE    63

..........................................................


THE LIVINGSTON MT CLIMATE NORMALS FOR TOMORROW
                         NORMAL    RECORD    YEAR
 MAXIMUM TEMPERATURE (F)   59        82      1987
 MINIMUM TEMPERATURE (F)   32        13      1984


SUNRISE AND SUNSET
APRIL 27 2015.........SUNRISE   616 AM MDT   SUNSET   824 PM MDT
APRIL 28 2015.........SUNRISE   614 AM MDT   SUNSET   825 PM MDT


-  INDICATES NEGATIVE NUMBERS.
R  INDICATES RECORD WAS SET OR TIED.
MM INDICATES DATA IS MISSING.
T  INDICATES TRACE AMOUNT.





&&

THIS IS AN AUTOMATED...UNATTENDED WEATHER STATION AND MAY
UNDERESTIMATE WINTER PRECIPITATION.

$$
