000
CDUS43 KTOP 030637
CLILWC


CLIMATE REPORT
NATIONAL WEATHER SERVICE TOPEKA KS
137 AM CDT SUN MAY 3 2015


...................................

...THE LAWRENCE KS CLIMATE SUMMARY FOR MAY 2 2015...

CLIMATE NORMAL PERIOD 1981 TO 2010
CLIMATE RECORD PERIOD 9999 TO 9999


WEATHER ITEM   OBSERVED NORMAL DEPARTURE LAST
                VALUE   VALUE  FROM      YEAR
                               NORMAL
...............................................
TEMPERATURE (F)
 YESTERDAY
  MAXIMUM         78     72      6       71
  MINIMUM         52     48      4       34
  AVERAGE         65     60      5       53

PRECIPITATION (IN)
  YESTERDAY        T      0.18  -0.18     0.00
  MONTH TO DATE    T      0.36  -0.36     0.00
  SINCE MAR 1      3.52   6.75  -3.23     4.54
  SINCE JAN 1      5.21   9.06  -3.85     5.59

DEGREE DAYS
 HEATING
  YESTERDAY        0      6     -6       12
  MONTH TO DATE    6     12     -6       29
  SINCE MAR 1    849    976   -127     1124
  SINCE JUL 1   5138   4991    147     5550

 COOLING
  YESTERDAY        0      1     -1        0
  MONTH TO DATE    0      2     -2        0
  SINCE MAR 1      5     25    -20       10
  SINCE JAN 1      5     25    -20       10
...............................................


WIND (MPH)
  HIGHEST WIND SPEED    22   HIGHEST WIND DIRECTION     S (170)
  HIGHEST GUST SPEED    29   HIGHEST GUST DIRECTION     S (170)
  AVERAGE WIND SPEED     9.4


SKY COVER
  AVERAGE SKY COVER 0.4


WEATHER CONDITIONS
 THE FOLLOWING WEATHER WAS RECORDED YESTERDAY.
  NO SIGNIFICANT WEATHER WAS OBSERVED.


RELATIVE HUMIDITY (PERCENT)
 HIGHEST    67
 LOWEST     43
 AVERAGE    55

..........................................................


THE LAWRENCE KS CLIMATE NORMALS FOR TODAY
                         NORMAL
 MAXIMUM TEMPERATURE (F)   72
 MINIMUM TEMPERATURE (F)   49


SUNRISE AND SUNSET
MAY  3 2015...........SUNRISE   621 AM CDT   SUNSET   815 PM CDT
MAY  4 2015...........SUNRISE   620 AM CDT   SUNSET   816 PM CDT


-  INDICATES NEGATIVE NUMBERS.
R  INDICATES RECORD WAS SET OR TIED.
MM INDICATES DATA IS MISSING.
T  INDICATES TRACE AMOUNT.




$$
