000
CDUS41 KCTP 040618
CLIMDT


CLIMATE REPORT
NATIONAL WEATHER SERVICE STATE COLLEGE PA
218 AM EDT MON MAY 4 2015


...................................

...THE HARRISBURG PA CLIMATE SUMMARY FOR MAY 3 2015...

CLIMATE NORMAL PERIOD 1981 TO 2010
CLIMATE RECORD PERIOD 1888 TO 2015


WEATHER ITEM   OBSERVED TIME   RECORD YEAR NORMAL DEPARTURE LAST
                VALUE   (LST)  VALUE       VALUE  FROM      YEAR
                                                  NORMAL
..................................................................
TEMPERATURE (F)
 YESTERDAY
  MAXIMUM         80    441 PM  90    1965  69     11       68
                                      1942
  MINIMUM         46    513 AM  35    1963  48     -2       43
  AVERAGE         63                        58      5       56

PRECIPITATION (IN)
  YESTERDAY        0.00          1.67 2010   0.12  -0.12     0.02
  MONTH TO DATE    0.00                      0.37  -0.37     0.18
  SINCE MAR 1      5.63                      6.84  -1.21     9.97
  SINCE JAN 1      9.22                     12.11  -2.89    16.68

SNOWFALL (IN)
  YESTERDAY        0.0           0.0  2002   0.0    0.0      0.0
                                      2001
  MONTH TO DATE    0.0                       0.0    0.0      0.0
  SINCE MAR 1     11.8                       5.6    6.2      1.4
  SINCE JUL 1     39.2                      30.6    8.6     44.0
  SNOW DEPTH       0

DEGREE DAYS
 HEATING
  YESTERDAY        2                         8     -6        9
  MONTH TO DATE   11                        24    -13       21
  SINCE MAR 1   1250                      1139    111     1296
  SINCE JUL 1   5553                      5127    426     5640

 COOLING
  YESTERDAY        0                         1     -1        0
  MONTH TO DATE    0                         3     -3        0
  SINCE MAR 1      0                        10    -10        6
  SINCE JAN 1      0                        10    -10        6
..................................................................


WIND (MPH)
  HIGHEST WIND SPEED    12   HIGHEST WIND DIRECTION    SW (220)
  HIGHEST GUST SPEED    15   HIGHEST GUST DIRECTION    SW (220)
  AVERAGE WIND SPEED     4.0


SKY COVER
  POSSIBLE SUNSHINE  MM
  AVERAGE SKY COVER 0.3


WEATHER CONDITIONS
 THE FOLLOWING WEATHER WAS RECORDED YESTERDAY.
  NO SIGNIFICANT WEATHER WAS OBSERVED.


RELATIVE HUMIDITY (PERCENT)
 HIGHEST    86           300 AM
 LOWEST     23          1100 AM
 AVERAGE    55

..........................................................


THE HARRISBURG PA CLIMATE NORMALS FOR TODAY
                         NORMAL    RECORD    YEAR
 MAXIMUM TEMPERATURE (F)   69        91      1949
 MINIMUM TEMPERATURE (F)   48        35      2002


SUNRISE AND SUNSET
MAY  4 2015...........SUNRISE   603 AM EDT   SUNSET   805 PM EDT
MAY  5 2015...........SUNRISE   602 AM EDT   SUNSET   806 PM EDT


-  INDICATES NEGATIVE NUMBERS.
R  INDICATES RECORD WAS SET OR TIED.
MM INDICATES DATA IS MISSING.
T  INDICATES TRACE AMOUNT.




$$
