000
CDUS44 KMEG 032151
CLIMEG


CLIMATE REPORT
NATIONAL WEATHER SERVICE MEMPHIS TN
450 PM CDT SUN MAY 3 2015


...................................

...THE MEMPHIS/GERMANTOWN WFO CLIMATE SUMMARY FOR MAY 3 2015...
VALID TODAY AS OF 0400 PM LOCAL TIME.

CLIMATE NORMAL PERIOD 1981 TO 2010
CLIMATE RECORD PERIOD 1988 TO 2015


WEATHER ITEM   OBSERVED TIME   RECORD YEAR NORMAL DEPARTURE LAST
                VALUE   (LST)  VALUE       VALUE  FROM      YEAR
                                                  NORMAL
..................................................................
TEMPERATURE (F)
 TODAY
  MAXIMUM         84    300 PM  88    2006  77      7       81
  MINIMUM         51    600 AM  37    2013  55     -4       47
  AVERAGE         68                        66      2       64

PRECIPITATION (IN)
  TODAY            0.00          2.16 2013   0.21  -0.21     0.00
  MONTH TO DATE    0.00                      0.63  -0.63     0.00
  SINCE MAR 1     10.08                     10.90  -0.82    12.10
  SINCE JAN 1     16.16                     19.53  -3.37    20.72

SNOWFALL (IN)
  TODAY            0.0

DEGREE DAYS
 HEATING
  TODAY            0                         3     -3        1
  MONTH TO DATE    9                         9      0       18
  SINCE MAR 1    536                       636   -100      700
  SINCE JUL 1   3443                      3382     61     3704

 COOLING
  TODAY            3                         3      0        0
  MONTH TO DATE    3                         9     -6        0
  SINCE MAR 1     80                        74      6       48
  SINCE JAN 1     80                        75      5       48
..................................................................







THE MEMPHIS/GERMANTOWN WFO CLIMATE NORMALS FOR TOMORROW
                         NORMAL    RECORD    YEAR
 MAXIMUM TEMPERATURE (F)   77        92      2012
 MINIMUM TEMPERATURE (F)   55        35      2013


SUNRISE AND SUNSET
MAY  3 2015...........SUNRISE   606 AM CDT   SUNSET   746 PM CDT
MAY  4 2015...........SUNRISE   605 AM CDT   SUNSET   747 PM CDT


-  INDICATES NEGATIVE NUMBERS.
R  INDICATES RECORD WAS SET OR TIED.
MM INDICATES DATA IS MISSING.
T  INDICATES TRACE AMOUNT.




$$
