000
CDUS44 KJAN 050730
CLIMEI


CLIMATE REPORT
NATIONAL WEATHER SERVICE JACKSON MS
229 AM CDT TUE MAY 5 2015


...................................

...THE MERIDIAN CLIMATE SUMMARY FOR MAY 4 2015...

CLIMATE NORMAL PERIOD 1981 TO 2010
CLIMATE RECORD PERIOD 1889 TO 2015


WEATHER ITEM   OBSERVED TIME   RECORD YEAR NORMAL DEPARTURE LAST
                VALUE   (LST)  VALUE       VALUE  FROM      YEAR
                                                  NORMAL
..................................................................
TEMPERATURE (F)
 YESTERDAY
  MAXIMUM         83    422 PM  91    1959  81      2       87
                                      1952
  MINIMUM         51    444 AM  38    2013  55     -4       49
                                      1971
                                      1970
  AVERAGE         67                        68     -1       68

PRECIPITATION (IN)
  YESTERDAY        0.00          2.92 1944   0.15  -0.15     0.00
  MONTH TO DATE    0.00                      0.59  -0.59     0.00
  SINCE MAR 1     10.06                     10.79  -0.73    19.77
  SINCE JAN 1     20.90                     21.52  -0.62    29.12

SNOWFALL (IN)
  YESTERDAY        0.0           0.0    MM   0.0    0.0      0.0
  MONTH TO DATE    0.0                       0.0    0.0      0.0
  SINCE MAR 1      T                         0.3   -0.3      0.0
  SINCE JUL 1      T                         0.6   -0.6      2.5

DEGREE DAYS
 HEATING
  YESTERDAY        0                         1     -1        0
  MONTH TO DATE    6                         5      1       12
  SINCE MAR 1    263                       442   -179      480
  SINCE JUL 1   2504                      2539    -35     2856

 COOLING
  YESTERDAY        2                         4     -2        3
  MONTH TO DATE    2                        15    -13        3
  SINCE MAR 1    142                        91     51       64
  SINCE JAN 1    142                        98     44       71
..................................................................


WIND (MPH)
  HIGHEST WIND SPEED    16   HIGHEST WIND DIRECTION    SE (130)
  HIGHEST GUST SPEED    20   HIGHEST GUST DIRECTION    SE (140)
  AVERAGE WIND SPEED     4.5


SKY COVER
  POSSIBLE SUNSHINE  MM
  AVERAGE SKY COVER 0.2


WEATHER CONDITIONS
 THE FOLLOWING WEATHER WAS RECORDED YESTERDAY.
  NO SIGNIFICANT WEATHER WAS OBSERVED.


RELATIVE HUMIDITY (PERCENT)
 HIGHEST    96           300 AM
 LOWEST     34          1200 PM
 AVERAGE    65

..........................................................


THE MERIDIAN CLIMATE NORMALS FOR TODAY
                         NORMAL    RECORD    YEAR
 MAXIMUM TEMPERATURE (F)   81        94      1952
 MINIMUM TEMPERATURE (F)   55        39      2011


SUNRISE AND SUNSET
MAY  5 2015...........SUNRISE   605 AM CDT   SUNSET   739 PM CDT
MAY  6 2015...........SUNRISE   604 AM CDT   SUNSET   739 PM CDT


-  INDICATES NEGATIVE NUMBERS.
R  INDICATES RECORD WAS SET OR TIED.
MM INDICATES DATA IS MISSING.
T  INDICATES TRACE AMOUNT.




$$
