000
CDUS46 KMFR 260858
CLIMFR


CLIMATE REPORT
NATIONAL WEATHER SERVICE MEDFORD, OR
158 AM PDT SUN APR 26 2015


...................................

...THE MEDFORD OR CLIMATE SUMMARY FOR APRIL 25 2015...

CLIMATE NORMAL PERIOD 1981 TO 2010
CLIMATE RECORD PERIOD 1911 TO 2015


WEATHER ITEM   OBSERVED TIME   RECORD YEAR NORMAL DEPARTURE LAST
                VALUE   (LST)  VALUE       VALUE  FROM      YEAR
                                                  NORMAL
..................................................................
TEMPERATURE (F)
 YESTERDAY
  MAXIMUM         64    239 PM  91    1926  67     -3       58
  MINIMUM         45    618 AM  30    1944  42      3       42
                                      1924
  AVERAGE         55                        55      0       50

PRECIPITATION (IN)
  YESTERDAY        0.03          0.57 1989   0.05  -0.02     0.07
  MONTH TO DATE    0.60                      1.17  -0.57     0.74
  SINCE OCT 1     13.35                     14.96  -1.61    11.25
  SINCE JAN 1      6.50                      7.32  -0.82     9.57

SNOWFALL (IN)
  YESTERDAY       MM                         0.0   MM        0.0
  MONTH TO DATE    0.0                       0.1   -0.1      0.0
  SINCE JUL 1      T                         4.2   -4.2      3.4
  SNOW DEPTH       0

DEGREE DAYS
 HEATING
  YESTERDAY       10                        10      0       15
  MONTH TO DATE  311                       317     -6      216
  SINCE MAR 1    666                       835   -169      637
  SINCE JUL 1   3106                      3949   -843     4007

 COOLING
  YESTERDAY        0                         0      0        0
  MONTH TO DATE    0                         0      0        0
  SINCE MAR 1      0                         0      0        0
  SINCE JAN 1      0                         0      0        0
..................................................................


WIND (MPH)
  HIGHEST WIND SPEED    21   HIGHEST WIND DIRECTION     N (10)
  HIGHEST GUST SPEED    24   HIGHEST GUST DIRECTION     N (10)
  AVERAGE WIND SPEED     6.2


SKY COVER
  POSSIBLE SUNSHINE  MM
  AVERAGE SKY COVER 0.8


WEATHER CONDITIONS
 THE FOLLOWING WEATHER WAS RECORDED YESTERDAY.
  LIGHT RAIN
  FOG


RELATIVE HUMIDITY (PERCENT)
 HIGHEST    92           600 AM
 LOWEST     34           300 PM
 AVERAGE    63

..........................................................


THE MEDFORD OR CLIMATE NORMALS FOR TODAY
                         NORMAL    RECORD    YEAR
 MAXIMUM TEMPERATURE (F)   68        92      1987
 MINIMUM TEMPERATURE (F)   42        29      1976
                                             1943


SUNRISE AND SUNSET
APRIL 26 2015.........SUNRISE   614 AM PDT   SUNSET   805 PM PDT
APRIL 27 2015.........SUNRISE   612 AM PDT   SUNSET   806 PM PDT


-  INDICATES NEGATIVE NUMBERS.
R  INDICATES RECORD WAS SET OR TIED.
MM INDICATES DATA IS MISSING.
T  INDICATES TRACE AMOUNT.




$$
