000
CDUS42 KMFL 250822
CLIMIA


CLIMATE REPORT
NATIONAL WEATHER SERVICE MIAMI, FL
422 AM EDT SAT APR 25 2015


...................................

...THE MIAMI CLIMATE SUMMARY FOR APRIL 24 2015...

CLIMATE NORMAL PERIOD 1981 TO 2010
CLIMATE RECORD PERIOD 1895 TO 2015


WEATHER ITEM   OBSERVED TIME   RECORD YEAR NORMAL DEPARTURE LAST
                VALUE   (LST)  VALUE       VALUE  FROM      YEAR
                                                  NORMAL
..................................................................
TEMPERATURE (F)
 YESTERDAY
  MAXIMUM         92    315 PM  94    1991  84      8       87
  MINIMUM         75    534 AM  56    1940  70      5       68
  AVERAGE         84                        77      7       78

PRECIPITATION (IN)
  YESTERDAY        0.12          7.25 1982   0.10   0.02     0.00
  MONTH TO DATE    1.35                      2.55  -1.20     1.18
  SINCE NOV 1     10.41                     14.73  -4.32    17.26
  SINCE JAN 1      6.43                      9.42  -2.99     6.86

SNOWFALL (IN)
  YESTERDAY        0.0
  MONTH TO DATE    0.0
  SINCE MAR 1      0.0
  SINCE JUL 1      0.0
  SNOW DEPTH       0

DEGREE DAYS
 HEATING
  YESTERDAY        0                         0      0        0
  MONTH TO DATE    0                         0      0        0
  SINCE MAR 1      0                        11    -11        0
  SINCE JUL 1     76                       127    -51       61

 COOLING
  YESTERDAY       19                        12      7       13
  MONTH TO DATE  368                       250    118      281
  SINCE MAR 1    740                       497    243      558
  SINCE JAN 1   1079                       819    260      979
..................................................................


WIND (MPH)
  HIGHEST WIND SPEED    16   HIGHEST WIND DIRECTION    SE (130)
  HIGHEST GUST SPEED    22   HIGHEST GUST DIRECTION    SE (150)
  AVERAGE WIND SPEED     6.7


SKY COVER
  POSSIBLE SUNSHINE  66 PERCENT
  AVERAGE SKY COVER 0.7


WEATHER CONDITIONS
 THE FOLLOWING WEATHER WAS RECORDED YESTERDAY.
  LIGHT RAIN


RELATIVE HUMIDITY (PERCENT)
 HIGHEST    87
 LOWEST     47
 AVERAGE    67

..........................................................


THE MIAMI CLIMATE NORMALS FOR TODAY
                         NORMAL    RECORD    YEAR
 MAXIMUM TEMPERATURE (F)   84        93      1971
 MINIMUM TEMPERATURE (F)   70        54      1943


SUNRISE AND SUNSET
APRIL 25 2015.........SUNRISE   649 AM EDT   SUNSET   749 PM EDT
APRIL 26 2015.........SUNRISE   649 AM EDT   SUNSET   750 PM EDT


-  INDICATES NEGATIVE NUMBERS.
R  INDICATES RECORD WAS SET OR TIED.
MM INDICATES DATA IS MISSING.
T  INDICATES TRACE AMOUNT.




$$
