000
CDUS44 KMEG 060639
CLIMKL


CLIMATE REPORT
NATIONAL WEATHER SERVICE MEMPHIS TN
139 AM CDT WED MAY 6 2015


...................................

...THE JACKSON CLIMATE SUMMARY FOR MAY 5 2015...

CLIMATE NORMAL PERIOD 1981 TO 2010
CLIMATE RECORD PERIOD 1948 TO 2015


WEATHER ITEM   OBSERVED TIME   RECORD YEAR NORMAL DEPARTURE LAST
                VALUE   (LST)  VALUE       VALUE  FROM      YEAR
                                                  NORMAL
..................................................................
TEMPERATURE (F)
 YESTERDAY
  MAXIMUM         85    149 PM  94    1952  77      8       85
  MINIMUM         53    442 AM  40    2005  54     -1       61
                                      1957
  AVERAGE         69                        66      3       73

PRECIPITATION (IN)
  YESTERDAY        0.00          1.27 1999   0.19  -0.19     0.00
  MONTH TO DATE    0.00                      0.95  -0.95     0.00
  SINCE MAR 1     10.00                     10.56  -0.56    10.03
  SINCE JAN 1     15.89                     18.80  -2.91    18.19

SNOWFALL (IN)
  YESTERDAY        0.0          MM      MM   0.0    0.0      0.0
  MONTH TO DATE    0.0                       0.0    0.0      0.0
  SINCE MAR 1      4.4                       0.4    4.0      0.8
  SINCE JUL 1      5.9                       4.6    1.3      1.3
  SNOW DEPTH       0

DEGREE DAYS
 HEATING
  YESTERDAY        0                         2     -2        0
  MONTH TO DATE   16                        14      2       24
  SINCE MAR 1    641                       656    -15      816
  SINCE JUL 1   3814                      3540    274     4112

 COOLING
  YESTERDAY        4                         3      1        8
  MONTH TO DATE   10                        15     -5       13
  SINCE MAR 1     71                        73     -2       50
  SINCE JAN 1     71                        74     -3       50
..................................................................


WIND (MPH)
  HIGHEST WIND SPEED    12   HIGHEST WIND DIRECTION     S (180)
  HIGHEST GUST SPEED    17   HIGHEST GUST DIRECTION     S (170)
  AVERAGE WIND SPEED     3.7


SKY COVER
  POSSIBLE SUNSHINE  MM
  AVERAGE SKY COVER 0.1


WEATHER CONDITIONS
 THE FOLLOWING WEATHER WAS RECORDED YESTERDAY.
  NO SIGNIFICANT WEATHER WAS OBSERVED.


RELATIVE HUMIDITY (PERCENT)
 HIGHEST    93           400 AM
 LOWEST     31           400 PM
 AVERAGE    62

..........................................................


THE JACKSON CLIMATE NORMALS FOR TODAY
                         NORMAL    RECORD    YEAR
 MAXIMUM TEMPERATURE (F)   78        92      1952
 MINIMUM TEMPERATURE (F)   54        40      1992


SUNRISE AND SUNSET
MAY  6 2015...........SUNRISE   559 AM CDT   SUNSET   746 PM CDT
MAY  7 2015...........SUNRISE   558 AM CDT   SUNSET   747 PM CDT


-  INDICATES NEGATIVE NUMBERS.
R  INDICATES RECORD WAS SET OR TIED.
MM INDICATES DATA IS MISSING.
T  INDICATES TRACE AMOUNT.




$$
