000
CDUS45 KBYZ 040933
CLIMLS


CLIMATE REPORT
NATIONAL WEATHER SERVICE BILLINGS MT
331 AM MDT MON MAY 4 2015


...................................

...THE MILES CITY MT CLIMATE SUMMARY FOR MAY 3 2015...

CLIMATE NORMAL PERIOD 1981 TO 2010
CLIMATE RECORD PERIOD 1937 TO 2015


WEATHER ITEM   OBSERVED TIME   RECORD YEAR NORMAL DEPARTURE LAST
                VALUE   (LST)  VALUE       VALUE  FROM      YEAR
                                                  NORMAL
..................................................................
TEMPERATURE (F)
 YESTERDAY
  MAXIMUM         64    458 PM  89    1986  65     -1       48
  MINIMUM         44    539 AM  15    1954  39      5       38
  AVERAGE         54                        52      2       43

PRECIPITATION (IN)
  YESTERDAY        0.00          2.17        0.06  -0.06     0.02
  MONTH TO DATE    T                         0.18  -0.18     0.06
  SINCE OCT 1      1.91                      4.30  -2.39     3.63
  SINCE JAN 1      0.90                      2.70  -1.80     1.95

DEGREE DAYS
 HEATING
  YESTERDAY       11                        13     -2       22
  MONTH TO DATE   23                        41    -18       54
  SINCE MAR 1   1210                      1553   -343     1715
  SINCE JUL 1   6680                      7287   -607     7754

 COOLING
  YESTERDAY        0                         0      0        0
  MONTH TO DATE    0                         0      0        0
  SINCE MAR 1      0                         1     -1        0
  SINCE JAN 1      0                         1     -1        0
..................................................................


WIND (MPH)
  HIGHEST WIND SPEED    18   HIGHEST WIND DIRECTION     N (20)
  HIGHEST GUST SPEED    23   HIGHEST GUST DIRECTION    NE (30)
  AVERAGE WIND SPEED     7.9


SKY COVER
  POSSIBLE SUNSHINE  MM
  AVERAGE SKY COVER 0.3


WEATHER CONDITIONS
 THE FOLLOWING WEATHER WAS RECORDED YESTERDAY.
  NO SIGNIFICANT WEATHER WAS OBSERVED.


RELATIVE HUMIDITY (PERCENT)
 HIGHEST    65           500 AM
 LOWEST     28           500 PM
 AVERAGE    47

..........................................................


THE MILES CITY MT CLIMATE NORMALS FOR TODAY
                         NORMAL    RECORD    YEAR
 MAXIMUM TEMPERATURE (F)   65        88      1966
 MINIMUM TEMPERATURE (F)   39        24      1967
                                             1892


SUNRISE AND SUNSET
MAY  4 2015...........SUNRISE   545 AM MDT   SUNSET   816 PM MDT
MAY  5 2015...........SUNRISE   544 AM MDT   SUNSET   818 PM MDT


-  INDICATES NEGATIVE NUMBERS.
R  INDICATES RECORD WAS SET OR TIED.
MM INDICATES DATA IS MISSING.
T  INDICATES TRACE AMOUNT.





&&

THIS IS AN AUTOMATED...UNATTENDED WEATHER STATION AND MAY
UNDERESTIMATE WINTER PRECIPITATION.

$$
