000
CDUS44 KSHV 172141
CLIMLU


CLIMATE REPORT
NATIONAL WEATHER SERVICE SHREVEPORT, LA
440 PM CDT FRI APR 17 2015


...................................

...THE MONROE CLIMATE SUMMARY FOR APRIL 17 2015...
VALID TODAY AS OF 0400 PM LOCAL TIME.

CLIMATE NORMAL PERIOD 1981 TO 2010
CLIMATE RECORD PERIOD 1930 TO 2015


WEATHER ITEM   OBSERVED TIME   RECORD YEAR NORMAL DEPARTURE LAST
                VALUE   (LST)  VALUE       VALUE  FROM      YEAR
                                                  NORMAL
..................................................................
TEMPERATURE (F)
 TODAY
  MAXIMUM         83    213 PM  90    1981  78      5       67
  MINIMUM         61    614 AM  39    1999  54      7       40
  AVERAGE         72                        66      6       54

PRECIPITATION (IN)
  TODAY            0.00          1.26 1950   0.14  -0.14     0.02
  MONTH TO DATE    2.82                      2.49   0.33     7.88
  SINCE DEC 1     21.04                     22.14  -1.10    19.91
  SINCE JAN 1     16.56                     16.85  -0.29    16.65

SNOWFALL (IN)
  TODAY            0.0
  MONTH TO DATE    0.0
  SINCE MAR 1      0.4
  SINCE JUL 1      3.9
  SNOW DEPTH       0

DEGREE DAYS
 HEATING
  TODAY            0                         2     -2       11
  MONTH TO DATE   28                        63    -35      104
  SINCE MAR 1    292                       313    -21      478
  SINCE JUL 1   2496                      2207    289     2804

 COOLING
  TODAY            7                         3      4        0
  MONTH TO DATE   87                        44     43       35
  SINCE MAR 1    103                        76     27       42
  SINCE JAN 1    103                        87     16       44
..................................................................


WIND (MPH)
  HIGHEST WIND SPEED     8   HIGHEST WIND DIRECTION     N (350)
  HIGHEST GUST SPEED    11   HIGHEST GUST DIRECTION     E (90)
  AVERAGE WIND SPEED     2.9


SKY COVER
  POSSIBLE SUNSHINE  MM
  AVERAGE SKY COVER 0.5


WEATHER CONDITIONS
 THE FOLLOWING WEATHER WAS RECORDED TODAY.
  FOG
  FOG W/VISIBILITY <= 1/4 MILE


RELATIVE HUMIDITY (PERCENT)
 HIGHEST   100           300 AM
 LOWEST     51           200 PM
 AVERAGE    76

..........................................................


THE MONROE CLIMATE NORMALS FOR TOMORROW
                         NORMAL    RECORD    YEAR
 MAXIMUM TEMPERATURE (F)   79        93      1987
 MINIMUM TEMPERATURE (F)   54        39      2001
                                             1999


SUNRISE AND SUNSET
APRIL 17 2015.........SUNRISE   637 AM CDT   SUNSET   739 PM CDT
APRIL 18 2015.........SUNRISE   636 AM CDT   SUNSET   740 PM CDT


-  INDICATES NEGATIVE NUMBERS.
R  INDICATES RECORD WAS SET OR TIED.
MM INDICATES DATA IS MISSING.
T  INDICATES TRACE AMOUNT.




$$
