000
CDUS46 KPQR 171144
CLIMMV


CLIMATE REPORT
NATIONAL WEATHER SERVICE PORTLAND OREGON
443 AM PDT FRI APR 17 2015


...................................

...THE MCMINNVILLE OR CLIMATE SUMMARY FOR APRIL 16 2015...

CLIMATE NORMAL PERIOD 1981 TO 2010
CLIMATE RECORD PERIOD 1894 TO 2015


WEATHER ITEM   OBSERVED TIME   RECORD YEAR NORMAL DEPARTURE LAST
                VALUE   (LST)  VALUE       VALUE  FROM      YEAR
                                                  NORMAL
..................................................................
TEMPERATURE (F)
 YESTERDAY
  MAXIMUM         73    427 PM  83    1915  61     12       58
  MINIMUM         35    528 AM  25    1970  39     -4       48
  AVERAGE         54                        50      4       53

PRECIPITATION (IN)
  YESTERDAY        0.00          0.43 1973   0.10  -0.10     0.11
  MONTH TO DATE    1.26                      1.75  -0.49     0.61
  SINCE OCT 1     30.60                     32.35  -1.75    21.18
  SINCE JAN 1     14.36                     16.32  -1.96    16.22

DEGREE DAYS
 HEATING
  YESTERDAY       11                        15     -4       12
  MONTH TO DATE  281                       254     27      196
  SINCE JUL 1   3191                      4205  -1014     4127

 COOLING
  YESTERDAY        0                         0      0        0
  MONTH TO DATE    0                         0      0        0
  SINCE JAN 1      0                         0      0        0
..................................................................


WIND (MPH)
  HIGHEST WIND SPEED    13   HIGHEST WIND DIRECTION     N (10)
  HIGHEST GUST SPEED    17   HIGHEST GUST DIRECTION     N (20)
  AVERAGE WIND SPEED     5.1


SKY COVER
  POSSIBLE SUNSHINE  MM
  AVERAGE SKY COVER 0.0


WEATHER CONDITIONS
 THE FOLLOWING WEATHER WAS RECORDED YESTERDAY.
  NO SIGNIFICANT WEATHER WAS OBSERVED.


RELATIVE HUMIDITY (PERCENT)
 HIGHEST    92           400 AM
 LOWEST     31           400 PM
 AVERAGE    62

..........................................................


THE MCMINNVILLE OR CLIMATE NORMALS FOR TODAY
                         NORMAL    RECORD    YEAR
 MAXIMUM TEMPERATURE (F)   61        88      1897
 MINIMUM TEMPERATURE (F)   39        26      1968


SUNRISE AND SUNSET
APRIL 17 2015.........SUNRISE   524 AM PST   SUNSET   701 PM PST
APRIL 18 2015.........SUNRISE   523 AM PST   SUNSET   702 PM PST


-  INDICATES NEGATIVE NUMBERS.
R  INDICATES RECORD WAS SET OR TIED.
MM INDICATES DATA IS MISSING.
T  INDICATES TRACE AMOUNT.




$$
