000
CDUS44 KMOB 070636
CLIMOB


CLIMATE REPORT
NATIONAL WEATHER SERVICE MOBILE AL
135 AM CDT THU MAY 7 2015


...................................

...THE MOBILE CLIMATE SUMMARY FOR MAY 6 2015...

CLIMATE NORMAL PERIOD 1981 TO 2010
CLIMATE RECORD PERIOD 1842 TO 2015


WEATHER ITEM   OBSERVED TIME   RECORD YEAR NORMAL DEPARTURE LAST
                VALUE   (LST)  VALUE       VALUE  FROM      YEAR
                                                  NORMAL
..................................................................
TEMPERATURE (F)
 YESTERDAY
  MAXIMUM         84    301 PM  94    1952  82      2       82
  MINIMUM         61   1154 PM  45    2013  61      0       56
  AVERAGE         73                        72      1       69

PRECIPITATION (IN)
  YESTERDAY        0.00          2.82 1873   0.17  -0.17     0.00
  MONTH TO DATE    0.00                      0.94  -0.94      T
  SINCE MAR 1     17.86                     11.87   5.99    24.59
  SINCE JAN 1     23.91                     22.64   1.27    31.71

DEGREE DAYS
 COOLING
  YESTERDAY        8                         7      1        4
  MONTH TO DATE   26                        38    -12       21
  SINCE MAR 1    301                       181    120      124
  SINCE JAN 1    305                       197    108      136
..................................................................


WIND (MPH)
  HIGHEST WIND SPEED    16   HIGHEST WIND DIRECTION     S (160)
  HIGHEST GUST SPEED    20   HIGHEST GUST DIRECTION    SE (150)
  AVERAGE WIND SPEED     6.4


SKY COVER
  POSSIBLE SUNSHINE  MM
  AVERAGE SKY COVER 0.3


WEATHER CONDITIONS
 THE FOLLOWING WEATHER WAS RECORDED YESTERDAY.
  NO SIGNIFICANT WEATHER WAS OBSERVED.


RELATIVE HUMIDITY (PERCENT)
 HIGHEST   100          1100 PM
 LOWEST     46           300 PM
 AVERAGE    73

..........................................................


THE MOBILE CLIMATE NORMALS FOR TODAY
                         NORMAL    RECORD    YEAR
 MAXIMUM TEMPERATURE (F)   83        93      1952
 MINIMUM TEMPERATURE (F)   61        45      1992


SUNRISE AND SUNSET
MAY  7 2015...........SUNRISE   604 AM CDT   SUNSET   735 PM CDT
MAY  8 2015...........SUNRISE   603 AM CDT   SUNSET   736 PM CDT


-  INDICATES NEGATIVE NUMBERS.
R  INDICATES RECORD WAS SET OR TIED.
MM INDICATES DATA IS MISSING.
T  INDICATES TRACE AMOUNT.




$$
