000
CDUS41 KPHI 242135
CLIMPO


CLIMATE REPORT
NATIONAL WEATHER SERVICE MOUNT HOLLY NJ
533 PM EDT FRI APR 24 2015


...................................

...THE MOUNT POCONO PA CLIMATE SUMMARY FOR APRIL 24 2015...
VALID TODAY AS OF 0500 PM LOCAL TIME.

CLIMATE NORMAL PERIOD 1981 TO 2010
CLIMATE RECORD PERIOD 1901 TO 2015


WEATHER ITEM   OBSERVED TIME   RECORD YEAR NORMAL DEPARTURE LAST
                VALUE   (LST)  VALUE       VALUE  FROM      YEAR
                                                  NORMAL
..................................................................
TEMPERATURE (F)
 TODAY
  MAXIMUM         44    317 PM  83    1960  59    -15       52
  MINIMUM         29    656 AM  17    1914  38     -9       31
  AVERAGE         37                        49    -12       42

PRECIPITATION (IN)
  TODAY            T             2.02 1977   0.10  -0.10     0.00
  MONTH TO DATE    3.14                      3.33  -0.19     2.82
  SINCE MAR 1      5.23                      7.16  -1.93     5.03
  SINCE JAN 1      8.58                     12.42  -3.84    11.42

SNOWFALL (IN)
  TODAY           MM            MM      MM  MM     MM       MM
  MONTH TO DATE   MM                        MM     MM       MM
  SINCE MAR 1     MM                        MM     MM       MM
  SINCE JUL 1     MM                        MM     MM       MM
  SNOW DEPTH      MM

DEGREE DAYS
 HEATING
  TODAY           28                        17     11       23
  MONTH TO DATE  466                       503    -37      481
  SINCE MAR 1   1592                      1478    114     1657
  SINCE JUL 1   7027                      6601    426     7084

 COOLING
  TODAY            0                         0      0        0
  MONTH TO DATE    0                         0      0        0
  SINCE MAR 1      0                         0      0        0
  SINCE JAN 1      0                         0      0        0
..................................................................


WIND (MPH)
  HIGHEST WIND SPEED    29   HIGHEST WIND DIRECTION     W (290)
  HIGHEST GUST SPEED    39   HIGHEST GUST DIRECTION     W (290)
  AVERAGE WIND SPEED    18.0


SKY COVER
  POSSIBLE SUNSHINE  MM
  AVERAGE SKY COVER 0.6


WEATHER CONDITIONS
 THE FOLLOWING WEATHER WAS RECORDED TODAY.
  LIGHT SNOW


RELATIVE HUMIDITY (PERCENT)
 HIGHEST    69           200 AM
 LOWEST     30           200 PM
 AVERAGE    50

..........................................................


THE MOUNT POCONO PA CLIMATE NORMALS FOR TOMORROW
                         NORMAL    RECORD    YEAR
 MAXIMUM TEMPERATURE (F)   59        88      1915
 MINIMUM TEMPERATURE (F)   39        10      1919


SUNRISE AND SUNSET
APRIL 24 2015.........SUNRISE   609 AM EDT   SUNSET   751 PM EDT
APRIL 25 2015.........SUNRISE   608 AM EDT   SUNSET   752 PM EDT


-  INDICATES NEGATIVE NUMBERS.
R  INDICATES RECORD WAS SET OR TIED.
MM INDICATES DATA IS MISSING.
T  INDICATES TRACE AMOUNT.




$$
