000
CDUS41 KBTV 270537
CLIMPV


CLIMATE REPORT
NATIONAL WEATHER SERVICE BURLINGTON VT
135 AM EDT MON APR 27 2015


...................................

...THE MONTPELIER VT CLIMATE SUMMARY FOR APRIL 26 2015...

CLIMATE NORMAL PERIOD 1981 TO 2010
CLIMATE RECORD PERIOD 1948 TO 2015


WEATHER ITEM   OBSERVED TIME   RECORD YEAR NORMAL DEPARTURE LAST
                VALUE   (LST)  VALUE       VALUE  FROM      YEAR
                                                  NORMAL
..................................................................
TEMPERATURE (F)
 YESTERDAY
  MAXIMUM         49    304 PM  80    1990  59    -10       51
  MINIMUM         35    515 AM  22    1967  35      0       38
  AVERAGE         42                        47     -5       45

PRECIPITATION (IN)
  YESTERDAY        0.00          0.66        0.09  -0.09     0.46
  MONTH TO DATE    2.00                      2.28  -0.28     1.83
  SINCE MAR 1      2.84                      4.67  -1.83     4.88
  SINCE JAN 1      5.71                      9.16  -3.45     9.19

DEGREE DAYS
 HEATING
  YESTERDAY       23                        18      5       20
  MONTH TO DATE  677                       609     68      638
  SINCE MAR 1   1998                      1726    272     2087
  SINCE JUL 1   8336                      7634    702     8252

 COOLING
  YESTERDAY        0                         0      0        0
  MONTH TO DATE    0                         0      0        0
  SINCE MAR 1      0                         0      0        0
  SINCE JAN 1      0                         0      0        0
..................................................................


WIND (MPH)
  HIGHEST WIND SPEED    13   HIGHEST WIND DIRECTION    NW (310)
  HIGHEST GUST SPEED    19   HIGHEST GUST DIRECTION    NW (310)
  AVERAGE WIND SPEED     5.9


SKY COVER
  AVERAGE SKY COVER 1.0


WEATHER CONDITIONS
 THE FOLLOWING WEATHER WAS RECORDED YESTERDAY.
  NO SIGNIFICANT WEATHER WAS OBSERVED.


RELATIVE HUMIDITY (PERCENT)
 HIGHEST    82          1200 AM
 LOWEST     50           100 PM
 AVERAGE    66

..........................................................


THE MONTPELIER VT CLIMATE NORMALS FOR TODAY
                         NORMAL    RECORD    YEAR
 MAXIMUM TEMPERATURE (F)   59        86      2009
                                             1962
 MINIMUM TEMPERATURE (F)   36        17      1966


SUNRISE AND SUNSET
APRIL 27 2015.........SUNRISE   548 AM EDT   SUNSET   749 PM EDT
APRIL 28 2015.........SUNRISE   546 AM EDT   SUNSET   750 PM EDT


-  INDICATES NEGATIVE NUMBERS.
R  INDICATES RECORD WAS SET OR TIED.
MM INDICATES DATA IS MISSING.
T  INDICATES TRACE AMOUNT.




$$
