000
CDUS43 KMPX 020034
CLIMPX


CLIMATE REPORT
NATIONAL WEATHER SERVICE CHANHASSEN MN
734 PM CDT WED APR 1 2015


...................................

...THE CHANHASSEN MN CLIMATE SUMMARY FOR APRIL 1 2015...
VALID TODAY AS OF 0700 PM LOCAL TIME.

CLIMATE NORMAL PERIOD 1981 TO 2010
CLIMATE RECORD PERIOD 1995 TO 2015


WEATHER ITEM   OBSERVED TIME   RECORD YEAR NORMAL DEPARTURE LAST
                VALUE   (LST)  VALUE       VALUE  FROM      YEAR
                                                  NORMAL
..................................................................
TEMPERATURE (F)
 TODAY
  MAXIMUM         81        MM  MM      MM  49     32       35
  MINIMUM         42        MM  MM          29     13       18
  AVERAGE         62                        39     23       27

PRECIPITATION (IN)
  TODAY            0.00         MM      MM   0.08  -0.08     0.01
  MONTH TO DATE    0.00                      0.08  -0.08     0.01
  SINCE MAR 1      0.78                      1.86  -1.08     0.70
  SINCE JAN 1      1.54                      3.67  -2.13     3.61

SNOWFALL (IN)
  TODAY            0.0          MM      MM   0.2   -0.2      0.2
  MONTH TO DATE    0.0                       0.2   -0.2      0.2
  SINCE MAR 1      8.8                      11.0   -2.2      3.6
  SINCE JUL 1     32.9                      50.7  -17.8     58.9
  SNOW DEPTH       0

DEGREE DAYS
 HEATING
  TODAY            3                        26    -23       38
  MONTH TO DATE    3                        26    -23       38
  SINCE MAR 1    968                      1072   -104     1306
  SINCE JUL 1   7226                      7087    139     8189

 COOLING
  TODAY            0                         0      0        0
  MONTH TO DATE    0                         0      0        0
  SINCE MAR 1      0                         0      0        0
  SINCE JAN 1      0                         0      0        0
..................................................................


WIND (MPH)
  HIGHEST WIND SPEED    MM   HIGHEST WIND DIRECTION    MM
  HIGHEST GUST SPEED    MM   HIGHEST GUST DIRECTION    MM
  AVERAGE WIND SPEED    MM


SKY COVER
  POSSIBLE SUNSHINE  MM
  AVERAGE SKY COVER  MM


WEATHER CONDITIONS
 THE FOLLOWING WEATHER WAS RECORDED TODAY.
  NO SIGNIFICANT WEATHER WAS OBSERVED.


RELATIVE HUMIDITY (PERCENT)
 HIGHEST    MM
 LOWEST     MM
 AVERAGE    MM

..........................................................


THE CHANHASSEN MN CLIMATE NORMALS FOR TOMORROW
                         NORMAL    RECORD    YEAR
 MAXIMUM TEMPERATURE (F)   50        MM        MM
 MINIMUM TEMPERATURE (F)   30        MM        MM


SUNRISE AND SUNSET
APRIL  1 2015.........SUNRISE   655 AM CDT   SUNSET   742 PM CDT
APRIL  2 2015.........SUNRISE   654 AM CDT   SUNSET   743 PM CDT


-  INDICATES NEGATIVE NUMBERS.
R  INDICATES RECORD WAS SET OR TIED.
MM INDICATES DATA IS MISSING.
T  INDICATES TRACE AMOUNT.




$$
