000
CDUS44 KHUN 242123
CLIMSL


CLIMATE REPORT
NATIONAL WEATHER SERVICE HUNTSVILLE AL
423 PM CDT FRI APR 24 2015


...................................

...THE MUSCLE SHOALS CLIMATE SUMMARY FOR APRIL 24 2015...
VALID TODAY AS OF 0400 PM LOCAL TIME.

CLIMATE NORMAL PERIOD 1981 TO 2010
CLIMATE RECORD PERIOD 1893 TO 2015


WEATHER ITEM   OBSERVED TIME   RECORD YEAR NORMAL DEPARTURE LAST
                VALUE   (LST)  VALUE       VALUE  FROM      YEAR
                                                  NORMAL
..................................................................
TEMPERATURE (F)
 TODAY
  MAXIMUM         69    240 PM  96    1925  76     -7       83
  MINIMUM         45    533 AM  35    1910  52     -7       41
  AVERAGE         57                        64     -7       62

PRECIPITATION (IN)
  TODAY            0.00          1.95 1908   0.15  -0.15     0.05
  MONTH TO DATE    4.04                      3.47   0.57     3.50
  SINCE MAR 1     10.62                      8.23   2.39     6.12
  SINCE JAN 1     17.90                     17.50   0.40    11.81

SNOWFALL (IN)
  TODAY            0.0
  MONTH TO DATE    0.0
  SINCE MAR 1      0.7
  SINCE JUL 1      4.2
  SNOW DEPTH       0

DEGREE DAYS
 HEATING
  TODAY            8                         4      4        3
  MONTH TO DATE   69                       144    -75      134
  SINCE MAR 1    417                       522   -105      577
  SINCE JUL 1   3188                      3057    131     3348

 COOLING
  TODAY            0                         2     -2        0
  MONTH TO DATE   52                        36     16       31
  SINCE MAR 1     54                        48      6       31
  SINCE JAN 1     54                        49      5       31
..................................................................


WIND (MPH)
  HIGHEST WIND SPEED    10   HIGHEST WIND DIRECTION    SE (140)
  HIGHEST GUST SPEED    13   HIGHEST GUST DIRECTION    SE (140)
  AVERAGE WIND SPEED     4.5


SKY COVER
  POSSIBLE SUNSHINE  MM
  AVERAGE SKY COVER 0.2


WEATHER CONDITIONS
 THE FOLLOWING WEATHER WAS RECORDED TODAY.
  NO SIGNIFICANT WEATHER WAS OBSERVED.


RELATIVE HUMIDITY (PERCENT)
 HIGHEST    83           500 AM
 LOWEST     32          1100 AM
 AVERAGE    58

..........................................................


THE MUSCLE SHOALS CLIMATE NORMALS FOR TOMORROW
                         NORMAL    RECORD    YEAR
 MAXIMUM TEMPERATURE (F)   76        96      1925
 MINIMUM TEMPERATURE (F)   52        33      1910


SUNRISE AND SUNSET
APRIL 24 2015.........SUNRISE   608 AM CDT   SUNSET   730 PM CDT
APRIL 25 2015.........SUNRISE   607 AM CDT   SUNSET   730 PM CDT


-  INDICATES NEGATIVE NUMBERS.
R  INDICATES RECORD WAS SET OR TIED.
MM INDICATES DATA IS MISSING.
T  INDICATES TRACE AMOUNT.




$$
