000
CDUS41 KBTV 050526
CLIMSS

CLIMATE REPORT
NATIONAL WEATHER SERVICE BURLINGTON VT
120 AM EDT TUE MAY 5 2015

...................................

...THE MASSENA NY CLIMATE SUMMARY FOR MAY 4 2015...

CLIMATE NORMAL PERIOD 1981 TO 2010
CLIMATE RECORD PERIOD 1948 TO 2015


WEATHER ITEM   OBSERVED TIME   RECORD YEAR NORMAL DEPARTURE LAST
                VALUE   (LST)  VALUE       VALUE  FROM      YEAR
                                                  NORMAL
..................................................................
TEMPERATURE (F)
 YESTERDAY
  MAXIMUM         83    150 PM  84    1955  63     20       51
  MINIMUM         57    517 AM  26    1974  40     17       44
  AVERAGE         70                        51     19       48

PRECIPITATION (IN)
  YESTERDAY        0.19          0.47        0.10   0.09     0.18
  MONTH TO DATE    0.19                      0.38  -0.19     0.47
  SINCE MAR 1      3.21                      5.29  -2.08     5.55
  SINCE JAN 1      4.63                      9.24  -4.61     8.29

DEGREE DAYS
 HEATING
  YESTERDAY        0                        14    -14       17
  MONTH TO DATE   20                        58    -38       54
  SINCE MAR 1   1955                      1853    102     2181
  SINCE JUL 1   8121                      7840    281     8350

 COOLING
  YESTERDAY        5                         0      5        0
  MONTH TO DATE    5                         0      5        0
  SINCE MAR 1      5                         1      4        0
  SINCE JAN 1      5                         1      4        0
..................................................................


WIND (MPH)
  HIGHEST WIND SPEED    35   HIGHEST WIND DIRECTION    SW (220)
  HIGHEST GUST SPEED    47   HIGHEST GUST DIRECTION    SW (220)
  AVERAGE WIND SPEED    13.2


SKY COVER
  AVERAGE SKY COVER 0.3


WEATHER CONDITIONS
 THE FOLLOWING WEATHER WAS RECORDED YESTERDAY.
  RAIN
  LIGHT RAIN
  FOG


RELATIVE HUMIDITY (PERCENT)
 HIGHEST    90           700 PM
 LOWEST     26          1200 PM
 AVERAGE    58

..........................................................


THE MASSENA NY CLIMATE NORMALS FOR TODAY
                         NORMAL    RECORD    YEAR
 MAXIMUM TEMPERATURE (F)   63        80      2013
                                             1981
 MINIMUM TEMPERATURE (F)   40        20      1974


SUNRISE AND SUNSET
MAY  5 2015...........SUNRISE   544 AM EDT   SUNSET   809 PM EDT
MAY  6 2015...........SUNRISE   542 AM EDT   SUNSET   811 PM EDT


-  INDICATES NEGATIVE NUMBERS.
R  INDICATES RECORD WAS SET OR TIED.
MM INDICATES DATA IS MISSING.
T  INDICATES TRACE AMOUNT.

$$
