000
CDUS45 KPSR 030830
CLINYL

CDUS45 KPSR DDHHMM
CLINYL

CLIMATE REPORT
NATIONAL WEATHER SERVICE PHOENIX AZ
127 AM MST SUN MAY 3 2015


...................................

...THE YUMA AZ CLIMATE SUMMARY FOR MAY 2 2015...

CLIMATE NORMAL PERIOD 1981 TO 2010
CLIMATE RECORD PERIOD 1876 TO 2015


WEATHER ITEM   OBSERVED TIME   RECORD YEAR NORMAL DEPARTURE LAST
                VALUE   (LST)  VALUE       VALUE  FROM      YEAR
                                                  NORMAL
..................................................................
TEMPERATURE (F)
 YESTERDAY
  MAXIMUM         98    407 PM 111    1947  91      7      100
  MINIMUM         71    634 AM  39    1915  64      7       63
  AVERAGE         85                        78      7       82

PRECIPITATION (IN)
  YESTERDAY        0.00          0.12 1930   0.01  -0.01     0.00
  MONTH TO DATE    0.00                      0.01  -0.01     0.00
  SINCE OCT 1      0.95                      2.19  -1.24     1.18
  SINCE JAN 1      0.51                      1.25  -0.74     0.07

DEGREE DAYS
 HEATING
  YESTERDAY        0                         0      0        0
  MONTH TO DATE    0                         0      0        0
  SINCE MAR 1     23                        63    -40        9
  SINCE JUL 1     83                       686   -603      370

 COOLING
  YESTERDAY       20                        13      7       17
  MONTH TO DATE   40                        25     15       34
  SINCE MAR 1    619                       395    224      532
  SINCE JAN 1    730                       431    299      646
..................................................................


WIND (MPH)
  HIGHEST WIND SPEED    21   HIGHEST WIND DIRECTION     S (170)
  HIGHEST GUST SPEED    26   HIGHEST GUST DIRECTION    SW (230)
  AVERAGE WIND SPEED    10.0


SKY COVER
  AVERAGE SKY COVER 0.0


WEATHER CONDITIONS
 THE FOLLOWING WEATHER WAS RECORDED YESTERDAY.
  NO SIGNIFICANT WEATHER WAS OBSERVED.


RELATIVE HUMIDITY (PERCENT)
 HIGHEST    41
 LOWEST     14
 AVERAGE    28

..........................................................


THE YUMA AZ CLIMATE NORMALS FOR TODAY
                         NORMAL    RECORD    YEAR
 MAXIMUM TEMPERATURE (F)   91       115      1947
 MINIMUM TEMPERATURE (F)   64        44      1915


SUNRISE AND SUNSET
MAY  3 2015...........SUNRISE   550 AM MST   SUNSET   721 PM MST
MAY  4 2015...........SUNRISE   549 AM MST   SUNSET   722 PM MST


-  INDICATES NEGATIVE NUMBERS.
R  INDICATES RECORD WAS SET OR TIED.
MM INDICATES DATA IS MISSING.
T  INDICATES TRACE AMOUNT.

$$
