000
CDUS43 KGID 250722
CLIODX


CLIMATE REPORT
NATIONAL WEATHER SERVICE HASTINGS NE
221 AM CDT SAT APR 25 2015


...................................

...THE ORD NE CLIMATE SUMMARY FOR APRIL 24 2015...

CLIMATE NORMAL PERIOD 1981 TO 2010
CLIMATE RECORD PERIOD 1895 TO 2015


WEATHER ITEM   OBSERVED TIME   NORMAL DEPARTURE LAST
                VALUE   (LST)  VALUE  FROM      YEAR
                                      NORMAL
......................................................
TEMPERATURE (F)
 YESTERDAY
  MAXIMUM         72    413 PM  64      8       70
  MINIMUM         49    702 AM  39     10       34
  AVERAGE         61            52      9       52

PRECIPITATION (IN)
  YESTERDAY        0.00          0.10  -0.10     0.07
  MONTH TO DATE    2.71          1.95   0.76     0.89
  SINCE MAR 1      2.74          3.40  -0.66     1.09
  SINCE JAN 1      3.48          4.21  -0.73     1.34

DEGREE DAYS
 HEATING
  YESTERDAY        4            14    -10       13
  MONTH TO DATE  343           414    -71      411
  SINCE MAR 1   1069          1260   -191     1358
  SINCE JUL 1   6201          6277    -76     6511

 COOLING
  YESTERDAY        0             0      0        0
  MONTH TO DATE    4             0      4        1
  SINCE MAR 1      4             0      4        1
  SINCE JAN 1      4             0      4        1
......................................................


WIND (MPH)
  HIGHEST WIND SPEED    20   HIGHEST WIND DIRECTION    SE (150)
  HIGHEST GUST SPEED    27   HIGHEST GUST DIRECTION    SE (130)
  AVERAGE WIND SPEED     9.2


SKY COVER
  AVERAGE SKY COVER 0.3


WEATHER CONDITIONS
 THE FOLLOWING WEATHER WAS RECORDED YESTERDAY.
  THUNDERSTORM


RELATIVE HUMIDITY (PERCENT)
 HIGHEST    86           700 AM
 LOWEST     53           400 PM
 AVERAGE    70

..........................................................


THE ORD NE CLIMATE NORMALS FOR TODAY
                         NORMAL
 MAXIMUM TEMPERATURE (F)   65
 MINIMUM TEMPERATURE (F)   39


SUNRISE AND SUNSET
APRIL 25 2015.........SUNRISE   641 AM CDT   SUNSET   827 PM CDT
APRIL 26 2015.........SUNRISE   640 AM CDT   SUNSET   828 PM CDT


-  INDICATES NEGATIVE NUMBERS.
R  INDICATES RECORD WAS SET OR TIED.
MM INDICATES DATA IS MISSING.
T  INDICATES TRACE AMOUNT.




$$
