000
CDAK49 PAOM 062330
CLIOME

CLIMATE REPORT
NATIONAL WEATHER SERVICE NOME, AK
330 PM AKDT WED MAY 6 2015

...................................
...THE NOME WSO AP CLIMATE SUMMARY FOR MAY 6 2015...
VALID TODAY AS OF 3:30 PM LOCAL TIME

CLIMATE NORMAL PERIOD  1981 TO  2010
CLIMATE RECORD PERIOD  1906 TO  2015

WEATHER ITEM   OBSERVED TIME    RECORD YEAR NORMAL DEPARTURE LAST
               VALUE    (LST)   VALUE       VALUE  FROM      YEAR
                                                   NORMAL
...................................................................
TEMPERATURE
TODAY
 MAXIMUM            43  1148 AM    59  1991     38       5     38
 MINIMUM            29  0553 AM     1  1952     26       3     27
 AVERAGE            36                          32       4     33

PRECIPITATION
(INCHES)
 TODAY            0.00           0.41  2004   0.03   -0.03   0.08
 MONTH TO DATE    0.00                        0.17   -0.17   0.14
 SINCE MAR 1      1.31                        1.58   -0.27   1.12
 SINCE JAN 1      2.95                        3.45   -0.50   3.29

SNOWFALL
(INCHES)
 TODAY             0.0            3.6  1985    0.1    -0.1    1.1
 MONTH TO DATE     0.0                         0.8    -0.8    1.6
 SINCE MAR 1      16.4                        17.2    -0.8   17.0
 SINCE JUL 1      59.7                        73.9   -14.2   71.3
 SNOW DEPTH (IN)     T                                          1

DEGREE DAYS
 HEATING
  TODAY             29                          33      -4     32
  MONTH TO DATE    191                         204     -13    196
  SINCE MAR 1     3298                        3235      63   2916
  SINCE JUL 1    11462                       12517   -1055  11070

 COOLING
  TODAY              0                           0       0      0
  MONTH TO DATE      0                           0       0      0
  SINCE MAR 1        0                           0       0      0
  SINCE JAN 1        0                           0       0      0
...................................................................

WIND (MPH)
 HIGHEST WIND SPEED     9     HIGHEST WIND DIRECTION    220
 HIGHEST GUST SPEED    11     HIGHEST GUST DIRECTION    160
 AVERAGE WIND SPEED    MM

SKY COVER
  POSSIBLE SUNSHINE  MM            AVERAGE SKY COVER MM

WEATHER CONDITIONS
 THE FOLLOWING WEATHER WAS RECORDED TODAY.
NO SIGNIFICANT WEATHER WAS OBSERVED.

RELATIVE HUMIDITY
 HIGHEST RH     MM PERCENT       MM
 LOWEST  RH     MM PERCENT       MM
 AVERAGE RH     MM PERCENT       MM
...................................................................

THE NOME CLIMATE NORMALS FOR TOMORROW
                        NORMAL    RECORD   YEAR
 MAXIMUM TEMPERATURE      39        56     1919
 MINIMUM TEMPERATURE      27         2     1952

SUNRISE AND SUNSET
 MAY 6 2015..........SUNRISE  6:14 AM      SUNSET 11:46 PM
 MAY 7 2015..........SUNRISE  6:10 AM      SUNSET 11:50 PM

-  INDICATES NEGATIVE NUMBERS.
R  INDICATES RECORD HAS BEEN SET OR TIED.
MM INDICATES DATA IS MISSING.
T  INDICATES TRACE OF PRECIPITATION.

&&
-------------------------------------------------------------------

AMOUNT OF DAYLIGHT TODAY  (HOUR:MIN)........17 HOURS 32 MINUTES
GAIN/LOSS SINCE YESTERDAY (HOUR:MIN:SEC)....+0:06:50

$$

CKC MAY 15
