000
CDUS43 KDDC 012327
CLIP28


CLIMATE REPORT
NATIONAL WEATHER SERVICE DODGE CITY KS
627 PM CDT WED APR 1 2015


...................................

...THE MEDICINE LODGE KS CLIMATE SUMMARY FOR APRIL 1 2015...
VALID TODAY AS OF 0500 PM LOCAL TIME.

CLIMATE NORMAL PERIOD 1981 TO 2010
CLIMATE RECORD PERIOD 1893 TO 2015


WEATHER ITEM   OBSERVED TIME   RECORD YEAR NORMAL DEPARTURE LAST
                VALUE   (LST)  VALUE       VALUE  FROM      YEAR
                                                  NORMAL
..................................................................
TEMPERATURE (F)
 TODAY
  MAXIMUM         88    359 PM  93    1946  64     24       56
  MINIMUM         54    643 AM  21    1898  39     15       29
                                      1972
  AVERAGE         71                        52     19       43

PRECIPITATION (IN)
  TODAY            0.00          1.66 1912   0.07  -0.07     0.00
  MONTH TO DATE    0.00                      0.07  -0.07     0.00
  SINCE MAR 1      0.38                      2.33  -1.95     0.49
  SINCE JAN 1      1.69                      4.08  -2.39     1.44

DEGREE DAYS
 HEATING
  TODAY            0                        14    -14       22
  MONTH TO DATE    0                        14    -14       22
  SINCE MAR 1    460                       582   -122      746
  SINCE JUL 1   4034                      4111    -77     4697

 COOLING
  TODAY            6                         0      6        0
  MONTH TO DATE    6                         0      6        0
  SINCE MAR 1      6                         2      4        0
  SINCE JAN 1      6                         2      4        0
..................................................................


WIND (MPH)
  HIGHEST WIND SPEED    26   HIGHEST WIND DIRECTION     S (180)
  HIGHEST GUST SPEED    35   HIGHEST GUST DIRECTION     S (190)
  AVERAGE WIND SPEED    13.1




RELATIVE HUMIDITY (PERCENT)
 HIGHEST    77           500 AM
 LOWEST     26           400 PM
 AVERAGE    52

..........................................................


THE MEDICINE LODGE KS CLIMATE NORMALS FOR TOMORROW
                         NORMAL    RECORD    YEAR
 MAXIMUM TEMPERATURE (F)   64        92      1913
 MINIMUM TEMPERATURE (F)   39        15      1936


SUNRISE AND SUNSET
APRIL  1 2015.........SUNRISE   720 AM CDT   SUNSET   757 PM CDT
APRIL  2 2015.........SUNRISE   719 AM CDT   SUNSET   758 PM CDT


-  INDICATES NEGATIVE NUMBERS.
R  INDICATES RECORD WAS SET OR TIED.
MM INDICATES DATA IS MISSING.
T  INDICATES TRACE AMOUNT.




$$
